{"id":1991,"date":"2020-02-03T11:45:02","date_gmt":"2020-02-03T10:45:02","guid":{"rendered":"https:\/\/www.enscmu.uha.fr\/?page_id=1991"},"modified":"2025-04-28T15:10:49","modified_gmt":"2025-04-28T13:10:49","slug":"projet-contrat-de-professionnalisation","status":"publish","type":"page","link":"https:\/\/www.enscmu.uha.fr\/index.php\/projet-contrat-de-professionnalisation\/","title":{"rendered":"CONTRAT DE PROFESSIONNALISATION"},"content":{"rendered":"<div class=\"deflex main\" style=\"display: flex;\">\n<div class=\"deborder\" style=\"width: 70%; margin-left: auto; margin-right: auto; padding-right: 5%;\">\n<p><img loading=\"lazy\" decoding=\"async\" class=\"alignright size-medium wp-image-1992\" src=\"https:\/\/www.enscmu.uha.fr\/wp-content\/uploads\/2020\/02\/ENSCMu_TP\u00a9Gre\u0301gory-TACHET-300x200.jpg\" alt=\"\" width=\"300\" height=\"200\" srcset=\"https:\/\/www.enscmu.uha.fr\/wp-content\/uploads\/2020\/02\/ENSCMu_TP\u00a9Gre\u0301gory-TACHET-300x200.jpg 300w, https:\/\/www.enscmu.uha.fr\/wp-content\/uploads\/2020\/02\/ENSCMu_TP\u00a9Gre\u0301gory-TACHET-1024x683.jpg 1024w, https:\/\/www.enscmu.uha.fr\/wp-content\/uploads\/2020\/02\/ENSCMu_TP\u00a9Gre\u0301gory-TACHET-768x512.jpg 768w, https:\/\/www.enscmu.uha.fr\/wp-content\/uploads\/2020\/02\/ENSCMu_TP\u00a9Gre\u0301gory-TACHET-1536x1025.jpg 1536w, https:\/\/www.enscmu.uha.fr\/wp-content\/uploads\/2020\/02\/ENSCMu_TP\u00a9Gre\u0301gory-TACHET.jpg 1575w\" sizes=\"auto, (max-width: 300px) 100vw, 300px\" \/>A la rentr\u00e9e 2020, l\u2019ENSCMu a ouvert un parcours en contrat de professionnalisation. Il est accessible aux \u00e9l\u00e8ves en 3e ann\u00e9e de cycle ing\u00e9nieur, quelle que soit l\u2019option choisie :<\/p>\n<ul>\n<li><a href=\"https:\/\/www.enscmu.uha.fr\/wp-content\/uploads\/2019\/07\/ENSCMu_options_3A_06.2019.pdf\" target=\"_blank\" rel=\"noopener noreferrer\">chimie organique, bioorganique et th\u00e9rapeutique<\/a><\/li>\n<li><a href=\"https:\/\/www.enscmu.uha.fr\/wp-content\/uploads\/2019\/07\/ENSCMu_options_3A_06.2019.pdf\" target=\"_blank\" rel=\"noopener noreferrer\">formulation et cosm\u00e9tologie<\/a><\/li>\n<li><a href=\"https:\/\/www.enscmu.uha.fr\/wp-content\/uploads\/2019\/07\/ENSCMu_options_3A_06.2019.pdf\" target=\"_blank\" rel=\"noopener noreferrer\">mat\u00e9riaux et polym\u00e8res<\/a><\/li>\n<li><a href=\"https:\/\/www.enscmu.uha.fr\/wp-content\/uploads\/2019\/07\/ENSCMu_options_3A_06.2019.pdf\" target=\"_blank\" rel=\"noopener noreferrer\">s\u00e9curit\u00e9 et d\u00e9veloppement durable<\/a><\/li>\n<\/ul>\n<p>Il donne lieu au m\u00eame dipl\u00f4me d\u2019ing\u00e9nieur chimiste que la formation classique.<\/p>\n<h1>Organisation<\/h1>\n<p>Le contrat de professionnalisation porte sur une ann\u00e9e universitaire :<\/p>\n<ul>\n<li>de septembre \u00e0 janvier : 12 semaines \u00e0 l&rsquo;\u00e9cole, 9 semaines y compris les vacances universitaires en entreprise et 1 semaine d&rsquo;examens ;<\/li>\n<li>de f\u00e9vrier \u00e0 ao\u00fbt : temps plein en entreprise.<\/li>\n<\/ul>\n<p><img loading=\"lazy\" decoding=\"async\" class=\"alignnone size-large wp-image-4925\" src=\"https:\/\/www.enscmu.uha.fr\/wp-content\/uploads\/2024\/10\/schema-planning-contrat-pro-e1728384520121-1024x168.png\" alt=\"\" width=\"750\" height=\"123\" srcset=\"https:\/\/www.enscmu.uha.fr\/wp-content\/uploads\/2024\/10\/schema-planning-contrat-pro-e1728384520121-1024x168.png 1024w, https:\/\/www.enscmu.uha.fr\/wp-content\/uploads\/2024\/10\/schema-planning-contrat-pro-e1728384520121-300x49.png 300w, https:\/\/www.enscmu.uha.fr\/wp-content\/uploads\/2024\/10\/schema-planning-contrat-pro-e1728384520121-768x126.png 768w, https:\/\/www.enscmu.uha.fr\/wp-content\/uploads\/2024\/10\/schema-planning-contrat-pro-e1728384520121-1536x252.png 1536w, https:\/\/www.enscmu.uha.fr\/wp-content\/uploads\/2024\/10\/schema-planning-contrat-pro-e1728384520121.png 2035w\" sizes=\"auto, (max-width: 750px) 100vw, 750px\" \/><\/p>\n<p>&nbsp;<\/p>\n<p>La totalit\u00e9 des enseignements d\u2019option et la majorit\u00e9 des mati\u00e8res du tronc commun sont suivies sur le temps de pr\u00e9sence \u00e0 l\u2019\u00e9cole au premier semestre. L\u2019ensemble repr\u00e9sente un volume horaire de 375 heures pour 2024-25.<\/p>\n<p>Les \u00e9l\u00e8ves int\u00e9ress\u00e9s b\u00e9n\u00e9ficient de l\u2019aide de l\u2019\u00e9cole pour trouver leur entreprise d\u2019accueil (hors secteur public).<\/p>\n<h1>Points forts pour l&rsquo;\u00e9l\u00e8ve<\/h1>\n<ul>\n<li>Acquisition d\u2019une exp\u00e9rience professionnelle significative en parall\u00e8le des cours<\/li>\n<li>Suivi p\u00e9dagogique par un enseignant r\u00e9f\u00e9rent et accompagnement par un tuteur dans l\u2019entreprise<\/li>\n<li>Consolidation du projet professionnel<\/li>\n<li>R\u00e9mun\u00e9ration \u00e0 80% du SMIC et frais de scolarit\u00e9 pris en charge par l\u2019entreprise<\/li>\n<li>Embauche potentielle en fin de contrat.<\/li>\n<\/ul>\n<h1>Points forts pour l&rsquo;entreprise<\/h1>\n<ul>\n<li>Possibilit\u00e9 de confier des projets \u00e0 long terme \u00e0 l\u2019alternant<\/li>\n<li>Pr\u00e9sence de l\u2019alternant chaque semaine pour un suivi r\u00e9gulier du projet<\/li>\n<li>Possibilit\u00e9 d\u2019\u00e9valuer l\u2019alternant en vue d\u2019une \u00e9ventuelle embauche<\/li>\n<li>Contribution \u00e0 l\u2019objectif de 4% de salari\u00e9s en alternance pour les entreprises de plus de 250 salari\u00e9s<\/li>\n<li>D\u00e9signation d&rsquo;un tuteur pour accompagner l\u2019alternant au sein de l\u2019entreprise, participation \u00e0 sa formation et \u00e0 son \u00e9valuation.<\/li>\n<\/ul>\n<p>Contactez l&rsquo;ENSCMu pour tout compl\u00e9ment ou demande de devis (coordonn\u00e9es ci-contre).<\/p>\n<p>Lien utile : <a href=\"https:\/\/travail-emploi.gouv.fr\/formation-professionnelle\/formation-en-alternance-10751\/article\/contrat-de-professionnalisation\" target=\"_blank\" rel=\"noopener noreferrer\">Minist\u00e8re du Travail &#8211; fiche contrat de professionnalisation<\/a> (conditions de travail, r\u00e9mun\u00e9ration, aides \u00e0 l&#8217;embauche en contrat de professionnalisation&#8230;)<\/p>\n<h1>Premiers contrats sign\u00e9s : interviews de nos \u00e9l\u00e8ves<\/h1>\n<ul>\n<li><a href=\"https:\/\/www.enscmu.uha.fr\/index.php\/2020\/06\/15\/contrat-pro-linterview-de-blandine\/\" target=\"_blank\" rel=\"noopener noreferrer\">Blandine Brias, chez Roquette<\/a><\/li>\n<li><a href=\"https:\/\/www.enscmu.uha.fr\/index.php\/2020\/06\/15\/contrat-pro-linterview-de-clara\/\" target=\"_blank\" rel=\"noopener noreferrer\">Clara Schaad, chez Renault<\/a><\/li>\n<li><a href=\"https:\/\/www.enscmu.uha.fr\/index.php\/2020\/06\/15\/contrat-pro-linterview-de-manon\/\" target=\"_blank\" rel=\"noopener noreferrer\">Manon Cardot, chez L&rsquo;Or\u00e9al<\/a><\/li>\n<li><a href=\"https:\/\/www.enscmu.uha.fr\/index.php\/2020\/07\/06\/contrat-pro-linterview-de-carlos-andres-jimenez-cortes\/\" target=\"_blank\" rel=\"noopener noreferrer\">Carlos Andres Jimenez Cortes, chez L&rsquo;Or\u00e9al<\/a><\/li>\n<li><a href=\"https:\/\/www.enscmu.uha.fr\/wp-admin\/post.php?post=2564&amp;action=edit&amp;classic-editor\" target=\"_blank\" rel=\"noopener noreferrer\">Loucas Bonino, chez Dalkia Wastenergy<\/a><\/li>\n<li><a href=\"https:\/\/www.enscmu.uha.fr\/index.php\/2020\/08\/24\/contrat-pro-interview-de-laure-doue\/\" target=\"_blank\" rel=\"noopener noreferrer\">Laure Dou\u00e9, chez Bor\u00e9alis PEC-Rhin SAS<\/a><\/li>\n<li><a href=\"https:\/\/www.enscmu.uha.fr\/index.php\/2020\/08\/28\/contrat-pro-linterview-de-stephanie-trieu\/\" target=\"_blank\" rel=\"noopener noreferrer\">St\u00e9phanie Trieu, chez Essity \u00e0 Kunheim<\/a><\/li>\n<li><a href=\"https:\/\/www.enscmu.uha.fr\/?p=2677&amp;preview=true\" target=\"_blank\" rel=\"noopener noreferrer\">Abdelmouttaleb Slimani, chez DSM \u00e0 Village-Neuf<\/a><\/li>\n<li><a href=\"https:\/\/www.enscmu.uha.fr\/index.php\/2020\/09\/18\/contrat-pro-linterview-de-florine-koehl\/\" target=\"_blank\" rel=\"noopener noreferrer\">Florine Koehl, chez Roche \u00e0 B\u00e2le<\/a><\/li>\n<\/ul>\n<p>&nbsp;<\/p>\n<\/div>\n<div style=\"width: 27.5%; margin-left: auto; margin-right: auto;\">\n<p>Contact p\u00e9dagogie<br \/>\nSamuel Fouchard<br \/>\nCourriel : <a href=\"mailto:samuel.fouchard@uha.fr\">samuel.fouchard@uha.fr<\/a><br \/>\nResponsable cellule entreprises<br \/>\nEstelle Lena,<br \/>\nT\u00e9l. : +33 (0)3 89 33 68 43<br \/>\nCourriel : <a href=\"mailto:estelle.lena@uha.fr\">estelle.lena@uha.fr<\/a><\/p>\n<div class=\"su-service\"><div class=\"su-service-title\" style=\"padding-left:46px;min-height:32px;line-height:32px\"><i class=\"sui sui-download\" style=\"font-size:32px;color:#CE0075\"><\/i> \u00c0 t\u00e9l\u00e9charger<\/div><div class=\"su-service-content su-u-clearfix su-u-trim\" style=\"padding-left:46px\"><a href=\"https:\/\/www.enscmu.uha.fr\/wp-content\/uploads\/2024\/09\/ENSCMu_Contrat-professionalisation_programme_2024-25.pdf\" target=\"_blank\" rel=\"noopener noreferrer\">Fiche 2024-2025 contrat de professionnalisation ENSCMu<\/a><\/div><\/div>\n<div class=\"su-service\"><div class=\"su-service-title\" style=\"padding-left:46px;min-height:32px;line-height:32px\"><i class=\"sui sui-download\" style=\"font-size:32px;color:#CE0075\"><\/i> A t\u00e9l\u00e9charger<\/div><div class=\"su-service-content su-u-clearfix su-u-trim\" style=\"padding-left:46px\"><a href=\"https:\/\/www.enscmu.uha.fr\/wp-content\/uploads\/2024\/10\/Planning-Contrat-de-professionnalisation-ENSCMu-2024_2025.pdf\">Planning 2024-2025 contrat de professionnalisation ENSCMu<\/a><\/div><\/div><div class=\"su-service\"><div class=\"su-service-title\" style=\"padding-left:46px;min-height:32px;line-height:32px\"><i class=\"sui sui-download\" style=\"font-size:32px;color:#CE0075\"><\/i> A t\u00e9l\u00e9charger<\/div><div class=\"su-service-content su-u-clearfix su-u-trim\" style=\"padding-left:46px\"><a href=\"https:\/\/www.enscmu.uha.fr\/wp-content\/uploads\/2025\/04\/PLANNING-CONTRAT-PROFESSIONNALISATION-ENSCMu_2025-2026.pdf\">Planning 2025-2026 contrat de professionnalisation<\/a><\/div><\/div>\n<\/div>\n<\/div>\n","protected":false},"excerpt":{"rendered":"<p>A la rentr\u00e9e 2020, l\u2019ENSCMu a ouvert un parcours en contrat de professionnalisation. Il est accessible aux \u00e9l\u00e8ves en 3e ann\u00e9e de cycle ing\u00e9nieur, quelle que soit l\u2019option choisie : chimie organique, bioorganique et th\u00e9rapeutique formulation et cosm\u00e9tologie mat\u00e9riaux et polym\u00e8res s\u00e9curit\u00e9 et d\u00e9veloppement durable Il donne lieu au m\u00eame dipl\u00f4me d\u2019ing\u00e9nieur chimiste que la [&hellip;]<\/p>\n","protected":false},"author":2,"featured_media":1992,"parent":0,"menu_order":1,"comment_status":"closed","ping_status":"closed","template":"","meta":{"footnotes":""},"categories":[6],"tags":[],"class_list":["post-1991","page","type-page","status-publish","has-post-thumbnail","hentry","category-entreprises-partenaires"],"yoast_head":"<!-- This site is optimized with the Yoast SEO plugin v27.4 - https:\/\/yoast.com\/product\/yoast-seo-wordpress\/ -->\n<title>CONTRAT DE PROFESSIONNALISATION - ENSCMu<\/title>\n<meta name=\"robots\" content=\"index, follow, max-snippet:-1, max-image-preview:large, max-video-preview:-1\" \/>\n<link rel=\"canonical\" href=\"https:\/\/www.enscmu.uha.fr\/index.php\/projet-contrat-de-professionnalisation\/\" \/>\n<meta property=\"og:locale\" content=\"fr_FR\" \/>\n<meta property=\"og:type\" content=\"article\" \/>\n<meta property=\"og:title\" content=\"CONTRAT DE PROFESSIONNALISATION - ENSCMu\" \/>\n<meta property=\"og:description\" content=\"A la rentr\u00e9e 2020, l\u2019ENSCMu a ouvert un parcours en contrat de professionnalisation. Il est accessible aux \u00e9l\u00e8ves en 3e ann\u00e9e de cycle ing\u00e9nieur, quelle que soit l\u2019option choisie : chimie organique, bioorganique et th\u00e9rapeutique formulation et cosm\u00e9tologie mat\u00e9riaux et polym\u00e8res s\u00e9curit\u00e9 et d\u00e9veloppement durable Il donne lieu au m\u00eame dipl\u00f4me d\u2019ing\u00e9nieur chimiste que la [&hellip;]\" \/>\n<meta property=\"og:url\" content=\"https:\/\/www.enscmu.uha.fr\/index.php\/projet-contrat-de-professionnalisation\/\" \/>\n<meta property=\"og:site_name\" content=\"ENSCMu | \u00c9cole Nationale Sup\u00e9rieure de Chimie de Mulhouse\" \/>\n<meta property=\"article:modified_time\" content=\"2025-04-28T13:10:49+00:00\" \/>\n<meta property=\"og:image\" content=\"https:\/\/www.enscmu.uha.fr\/wp-content\/uploads\/2020\/02\/ENSCMu_TP\u00a9Gre\u0301gory-TACHET.jpg\" \/>\n\t<meta property=\"og:image:width\" content=\"1575\" \/>\n\t<meta property=\"og:image:height\" content=\"1051\" \/>\n\t<meta property=\"og:image:type\" content=\"image\/jpeg\" \/>\n<meta name=\"twitter:card\" content=\"summary_large_image\" \/>\n<meta name=\"twitter:label1\" content=\"Dur\u00e9e de lecture estim\u00e9e\" \/>\n\t<meta name=\"twitter:data1\" content=\"3 minutes\" \/>\n<script type=\"application\/ld+json\" class=\"yoast-schema-graph\">{\"@context\":\"https:\\\/\\\/schema.org\",\"@graph\":[{\"@type\":\"WebPage\",\"@id\":\"https:\\\/\\\/www.enscmu.uha.fr\\\/index.php\\\/projet-contrat-de-professionnalisation\\\/\",\"url\":\"https:\\\/\\\/www.enscmu.uha.fr\\\/index.php\\\/projet-contrat-de-professionnalisation\\\/\",\"name\":\"CONTRAT DE PROFESSIONNALISATION - ENSCMu\",\"isPartOf\":{\"@id\":\"https:\\\/\\\/www.enscmu.uha.fr\\\/#website\"},\"primaryImageOfPage\":{\"@id\":\"https:\\\/\\\/www.enscmu.uha.fr\\\/index.php\\\/projet-contrat-de-professionnalisation\\\/#primaryimage\"},\"image\":{\"@id\":\"https:\\\/\\\/www.enscmu.uha.fr\\\/index.php\\\/projet-contrat-de-professionnalisation\\\/#primaryimage\"},\"thumbnailUrl\":\"https:\\\/\\\/www.enscmu.uha.fr\\\/wp-content\\\/uploads\\\/2020\\\/02\\\/ENSCMu_TP\u00a9Gre\u0301gory-TACHET.jpg\",\"datePublished\":\"2020-02-03T10:45:02+00:00\",\"dateModified\":\"2025-04-28T13:10:49+00:00\",\"breadcrumb\":{\"@id\":\"https:\\\/\\\/www.enscmu.uha.fr\\\/index.php\\\/projet-contrat-de-professionnalisation\\\/#breadcrumb\"},\"inLanguage\":\"fr-FR\",\"potentialAction\":[{\"@type\":\"ReadAction\",\"target\":[\"https:\\\/\\\/www.enscmu.uha.fr\\\/index.php\\\/projet-contrat-de-professionnalisation\\\/\"]}]},{\"@type\":\"ImageObject\",\"inLanguage\":\"fr-FR\",\"@id\":\"https:\\\/\\\/www.enscmu.uha.fr\\\/index.php\\\/projet-contrat-de-professionnalisation\\\/#primaryimage\",\"url\":\"https:\\\/\\\/www.enscmu.uha.fr\\\/wp-content\\\/uploads\\\/2020\\\/02\\\/ENSCMu_TP\u00a9Gre\u0301gory-TACHET.jpg\",\"contentUrl\":\"https:\\\/\\\/www.enscmu.uha.fr\\\/wp-content\\\/uploads\\\/2020\\\/02\\\/ENSCMu_TP\u00a9Gre\u0301gory-TACHET.jpg\",\"width\":1575,\"height\":1051},{\"@type\":\"BreadcrumbList\",\"@id\":\"https:\\\/\\\/www.enscmu.uha.fr\\\/index.php\\\/projet-contrat-de-professionnalisation\\\/#breadcrumb\",\"itemListElement\":[{\"@type\":\"ListItem\",\"position\":1,\"name\":\"Accueil\",\"item\":\"https:\\\/\\\/www.enscmu.uha.fr\\\/\"},{\"@type\":\"ListItem\",\"position\":2,\"name\":\"CONTRAT DE PROFESSIONNALISATION\"}]},{\"@type\":\"WebSite\",\"@id\":\"https:\\\/\\\/www.enscmu.uha.fr\\\/#website\",\"url\":\"https:\\\/\\\/www.enscmu.uha.fr\\\/\",\"name\":\"ENSCMu | \u00c9cole Nationale Sup\u00e9rieure de Chimie de Mulhouse\",\"description\":\"Campus Illberg | Universit\u00e9 de Haute-Alsace\",\"potentialAction\":[{\"@type\":\"SearchAction\",\"target\":{\"@type\":\"EntryPoint\",\"urlTemplate\":\"https:\\\/\\\/www.enscmu.uha.fr\\\/?s={search_term_string}\"},\"query-input\":{\"@type\":\"PropertyValueSpecification\",\"valueRequired\":true,\"valueName\":\"search_term_string\"}}],\"inLanguage\":\"fr-FR\"}]}<\/script>\n<!-- \/ Yoast SEO plugin. -->","yoast_head_json":{"title":"CONTRAT DE PROFESSIONNALISATION - ENSCMu","robots":{"index":"index","follow":"follow","max-snippet":"max-snippet:-1","max-image-preview":"max-image-preview:large","max-video-preview":"max-video-preview:-1"},"canonical":"https:\/\/www.enscmu.uha.fr\/index.php\/projet-contrat-de-professionnalisation\/","og_locale":"fr_FR","og_type":"article","og_title":"CONTRAT DE PROFESSIONNALISATION - ENSCMu","og_description":"A la rentr\u00e9e 2020, l\u2019ENSCMu a ouvert un parcours en contrat de professionnalisation. Il est accessible aux \u00e9l\u00e8ves en 3e ann\u00e9e de cycle ing\u00e9nieur, quelle que soit l\u2019option choisie : chimie organique, bioorganique et th\u00e9rapeutique formulation et cosm\u00e9tologie mat\u00e9riaux et polym\u00e8res s\u00e9curit\u00e9 et d\u00e9veloppement durable Il donne lieu au m\u00eame dipl\u00f4me d\u2019ing\u00e9nieur chimiste que la [&hellip;]","og_url":"https:\/\/www.enscmu.uha.fr\/index.php\/projet-contrat-de-professionnalisation\/","og_site_name":"ENSCMu | \u00c9cole Nationale Sup\u00e9rieure de Chimie de Mulhouse","article_modified_time":"2025-04-28T13:10:49+00:00","og_image":[{"width":1575,"height":1051,"url":"https:\/\/www.enscmu.uha.fr\/wp-content\/uploads\/2020\/02\/ENSCMu_TP\u00a9Gre\u0301gory-TACHET.jpg","type":"image\/jpeg"}],"twitter_card":"summary_large_image","twitter_misc":{"Dur\u00e9e de lecture estim\u00e9e":"3 minutes"},"schema":{"@context":"https:\/\/schema.org","@graph":[{"@type":"WebPage","@id":"https:\/\/www.enscmu.uha.fr\/index.php\/projet-contrat-de-professionnalisation\/","url":"https:\/\/www.enscmu.uha.fr\/index.php\/projet-contrat-de-professionnalisation\/","name":"CONTRAT DE PROFESSIONNALISATION - ENSCMu","isPartOf":{"@id":"https:\/\/www.enscmu.uha.fr\/#website"},"primaryImageOfPage":{"@id":"https:\/\/www.enscmu.uha.fr\/index.php\/projet-contrat-de-professionnalisation\/#primaryimage"},"image":{"@id":"https:\/\/www.enscmu.uha.fr\/index.php\/projet-contrat-de-professionnalisation\/#primaryimage"},"thumbnailUrl":"https:\/\/www.enscmu.uha.fr\/wp-content\/uploads\/2020\/02\/ENSCMu_TP\u00a9Gre\u0301gory-TACHET.jpg","datePublished":"2020-02-03T10:45:02+00:00","dateModified":"2025-04-28T13:10:49+00:00","breadcrumb":{"@id":"https:\/\/www.enscmu.uha.fr\/index.php\/projet-contrat-de-professionnalisation\/#breadcrumb"},"inLanguage":"fr-FR","potentialAction":[{"@type":"ReadAction","target":["https:\/\/www.enscmu.uha.fr\/index.php\/projet-contrat-de-professionnalisation\/"]}]},{"@type":"ImageObject","inLanguage":"fr-FR","@id":"https:\/\/www.enscmu.uha.fr\/index.php\/projet-contrat-de-professionnalisation\/#primaryimage","url":"https:\/\/www.enscmu.uha.fr\/wp-content\/uploads\/2020\/02\/ENSCMu_TP\u00a9Gre\u0301gory-TACHET.jpg","contentUrl":"https:\/\/www.enscmu.uha.fr\/wp-content\/uploads\/2020\/02\/ENSCMu_TP\u00a9Gre\u0301gory-TACHET.jpg","width":1575,"height":1051},{"@type":"BreadcrumbList","@id":"https:\/\/www.enscmu.uha.fr\/index.php\/projet-contrat-de-professionnalisation\/#breadcrumb","itemListElement":[{"@type":"ListItem","position":1,"name":"Accueil","item":"https:\/\/www.enscmu.uha.fr\/"},{"@type":"ListItem","position":2,"name":"CONTRAT DE PROFESSIONNALISATION"}]},{"@type":"WebSite","@id":"https:\/\/www.enscmu.uha.fr\/#website","url":"https:\/\/www.enscmu.uha.fr\/","name":"ENSCMu | \u00c9cole Nationale Sup\u00e9rieure de Chimie de Mulhouse","description":"Campus Illberg | Universit\u00e9 de Haute-Alsace","potentialAction":[{"@type":"SearchAction","target":{"@type":"EntryPoint","urlTemplate":"https:\/\/www.enscmu.uha.fr\/?s={search_term_string}"},"query-input":{"@type":"PropertyValueSpecification","valueRequired":true,"valueName":"search_term_string"}}],"inLanguage":"fr-FR"}]}},"_links":{"self":[{"href":"https:\/\/www.enscmu.uha.fr\/index.php\/wp-json\/wp\/v2\/pages\/1991","targetHints":{"allow":["GET"]}}],"collection":[{"href":"https:\/\/www.enscmu.uha.fr\/index.php\/wp-json\/wp\/v2\/pages"}],"about":[{"href":"https:\/\/www.enscmu.uha.fr\/index.php\/wp-json\/wp\/v2\/types\/page"}],"author":[{"embeddable":true,"href":"https:\/\/www.enscmu.uha.fr\/index.php\/wp-json\/wp\/v2\/users\/2"}],"replies":[{"embeddable":true,"href":"https:\/\/www.enscmu.uha.fr\/index.php\/wp-json\/wp\/v2\/comments?post=1991"}],"version-history":[{"count":39,"href":"https:\/\/www.enscmu.uha.fr\/index.php\/wp-json\/wp\/v2\/pages\/1991\/revisions"}],"predecessor-version":[{"id":5365,"href":"https:\/\/www.enscmu.uha.fr\/index.php\/wp-json\/wp\/v2\/pages\/1991\/revisions\/5365"}],"wp:featuredmedia":[{"embeddable":true,"href":"https:\/\/www.enscmu.uha.fr\/index.php\/wp-json\/wp\/v2\/media\/1992"}],"wp:attachment":[{"href":"https:\/\/www.enscmu.uha.fr\/index.php\/wp-json\/wp\/v2\/media?parent=1991"}],"wp:term":[{"taxonomy":"category","embeddable":true,"href":"https:\/\/www.enscmu.uha.fr\/index.php\/wp-json\/wp\/v2\/categories?post=1991"},{"taxonomy":"post_tag","embeddable":true,"href":"https:\/\/www.enscmu.uha.fr\/index.php\/wp-json\/wp\/v2\/tags?post=1991"}],"curies":[{"name":"wp","href":"https:\/\/api.w.org\/{rel}","templated":true}]}}