{"id":289,"date":"2017-12-15T14:12:31","date_gmt":"2017-12-15T13:12:31","guid":{"rendered":"https:\/\/www.enscmu.uha.fr\/?page_id=289"},"modified":"2026-01-30T09:19:13","modified_gmt":"2026-01-30T08:19:13","slug":"lettre-dinformation","status":"publish","type":"page","link":"https:\/\/www.enscmu.uha.fr\/index.php\/ecole-ingenieurs-chimistes-mulhouse\/lettre-dinformation\/","title":{"rendered":"NEWSLETTER"},"content":{"rendered":"<p>D\u00e9couvrez la nouvelle lettre d&rsquo;information de l&rsquo;ENSCMu : \u00ab\u00a0R\u00c9ACTIONS POSITIVES\u00a0\u00bb ! Publi\u00e9e quatre fois par an, elle pr\u00e9sente les grandes actualit\u00e9s de l&rsquo;\u00e9cole, ses projets, sa vie \u00e9tudiante, ses personnels et enseignants, ses alumni, les liens avec la recherche et avec l&rsquo;entreprise.<\/p>\n<div class=\"su-service\"><div class=\"su-service-title\" style=\"padding-left:46px;min-height:32px;line-height:32px\"><i class=\"sui sui-star\" style=\"font-size:32px;color:#CE0075\"><\/i> Newsletter R\u00e9actions Positives n\u00b04<\/div><div class=\"su-service-content su-u-clearfix su-u-trim\" style=\"padding-left:46px\">Consultez <a href=\"https:\/\/fisd8.r.ag.d.sendibm3.com\/mk\/mr\/sh\/1f8JAEjGcfF85s9AfoF7VibJWq\/3OxNNmlaSPFo\" target=\"_blank\" rel=\"noopener\">R\u00e9actions positives &#8211; Janvier 2026<\/a><\/div><\/div>\n<div class=\"su-service\"><div class=\"su-service-title\" style=\"padding-left:46px;min-height:32px;line-height:32px\"><i class=\"sui sui-star\" style=\"font-size:32px;color:#CE0075\"><\/i> Newsletter R\u00e9actions Positives n\u00b03<\/div><div class=\"su-service-content su-u-clearfix su-u-trim\" style=\"padding-left:46px\">Consultez <a href=\"https:\/\/fisd8.r.ag.d.sendibm3.com\/mk\/mr\/sh\/OycXxko2a8zXNWXpMUaJGWvw\/Ku_oJg8QkpN8\" target=\"_blank\" rel=\"noopener\">R\u00e9actions positives &#8211; Octobre 2025<\/a><\/div><\/div>\n<div class=\"su-service\"><div class=\"su-service-title\" style=\"padding-left:46px;min-height:32px;line-height:32px\"><i class=\"sui sui-star\" style=\"font-size:32px;color:#CE0075\"><\/i> Newsletter R\u00e9actions Positives n\u00b02<\/div><div class=\"su-service-content su-u-clearfix su-u-trim\" style=\"padding-left:46px\">Consultez <a href=\"https:\/\/bn0oe.r.a.d.sendibm1.com\/mk\/mr\/sh\/6rqJ8GoudeITQ3emqjCMbLPqSoQ\/1-xcNTxg4EaB\" target=\"_blank\" rel=\"noopener\">R\u00e9actions positives &#8211; Mai 2025<\/a><\/div><\/div>\n<div class=\"su-service\"><div class=\"su-service-title\" style=\"padding-left:46px;min-height:32px;line-height:32px\"><i class=\"sui sui-star\" style=\"font-size:32px;color:#CE0075\"><\/i> Newsletter R\u00e9actions Positives n\u00b01<\/div><div class=\"su-service-content su-u-clearfix su-u-trim\" style=\"padding-left:46px\">Consultez <a href=\"https:\/\/bn0oe.r.a.d.sendibm1.com\/mk\/mr\/sh\/6rqJ8GoudeITQ3emqjCMbLPqSoQ\/spwUIz373hyj\" target=\"_blank\" rel=\"noopener\">R\u00e9actions positives &#8211; Mars 2025<\/a><\/div><\/div>\n<p>&nbsp;<\/p>\n<p>Anciens num\u00e9ros de l&rsquo;ENSCMu&rsquo;news :<\/p>\n<div class=\"su-service\"><div class=\"su-service-title\" style=\"padding-left:46px;min-height:32px;line-height:32px\"><i class=\"sui sui-download\" style=\"font-size:32px;color:#CE0075\"><\/i> Newsletter n\u00b052<\/div><div class=\"su-service-content su-u-clearfix su-u-trim\" style=\"padding-left:46px\">Consultez la <a href=\"https:\/\/mailchi.mp\/f6124ff4a18b\/newsletter-avril-2023\">Newsletter n\u00b052 &#8211; Avril 2023<\/a><\/div><\/div>\n<div class=\"su-service\"><div class=\"su-service-title\" style=\"padding-left:46px;min-height:32px;line-height:32px\"><i class=\"sui sui-download\" style=\"font-size:32px;color:#CE0075\"><\/i> Newsletter n\u00b051<\/div><div class=\"su-service-content su-u-clearfix su-u-trim\" style=\"padding-left:46px\">Consultez la <a href=\"https:\/\/mailchi.mp\/72e87563c1ae\/newsletter-septembreoctobre-2022\">Newsletter n\u00b051 &#8211; Octobre 2022<\/a><\/div><\/div>\n<div class=\"su-service\"><div class=\"su-service-title\" style=\"padding-left:46px;min-height:32px;line-height:32px\"><i class=\"sui sui-download\" style=\"font-size:32px;color:#CE0075\"><\/i> Lettre d'info n\u00b050<\/div><div class=\"su-service-content su-u-clearfix su-u-trim\" style=\"padding-left:46px\">Consultez la <a href=\"https:\/\/www.enscmu.uha.fr\/wp-content\/uploads\/2022\/03\/WEB-lettre_info_enscmu_n\u00b050_mars2022_web.pdf\" target=\"_blank\" rel=\"noopener\">Lettre d&rsquo;info n\u00b050 &#8211; Mars 2022<\/a><\/div><\/div>\n<div class=\"su-service\"><div class=\"su-service-title\" style=\"padding-left:46px;min-height:32px;line-height:32px\"><i class=\"sui sui-download\" style=\"font-size:32px;color:#CE0075\"><\/i> Lettre d'info n\u00b049<\/div><div class=\"su-service-content su-u-clearfix su-u-trim\" style=\"padding-left:46px\">Consultez la <a href=\"https:\/\/www.enscmu.uha.fr\/wp-content\/uploads\/2021\/07\/WEB-lettre_info_enscmu_n\u00b049_jui2021.pdf\" target=\"_blank\" rel=\"noopener\">Lettre d&rsquo;info n\u00b049 &#8211; Juillet 2021<\/a><\/div><\/div>\n<div class=\"su-service\"><div class=\"su-service-title\" style=\"padding-left:46px;min-height:32px;line-height:32px\"><i class=\"sui sui-download\" style=\"font-size:32px;color:#CE0075\"><\/i> Lettre d'info n\u00b048<\/div><div class=\"su-service-content su-u-clearfix su-u-trim\" style=\"padding-left:46px\">Consultez la <a href=\"https:\/\/www.enscmu.uha.fr\/wp-content\/uploads\/2021\/03\/WEB-lettre_info_enscmu_n\u00b048_mar2021.pdf\" target=\"_blank\" rel=\"noopener\">Lettre d&rsquo;info n\u00b048 &#8211; Mars 2021<\/a><\/div><\/div>\n<div class=\"su-service\"><div class=\"su-service-title\" style=\"padding-left:46px;min-height:32px;line-height:32px\"><i class=\"sui sui-download\" style=\"font-size:32px;color:#CE0075\"><\/i> Lettre d'info n\u00b047<\/div><div class=\"su-service-content su-u-clearfix su-u-trim\" style=\"padding-left:46px\">Consultez la <a href=\"https:\/\/www.enscmu.uha.fr\/wp-content\/uploads\/2020\/12\/WEB-lettre_info_enscmu_n\u00b047_dec2020.pdf\" target=\"_blank\" rel=\"noopener\">Lettre d&rsquo;info n\u00b047 &#8211; D\u00e9cembre 2020<\/a><\/div><\/div>\n<div class=\"su-service\"><div class=\"su-service-title\" style=\"padding-left:46px;min-height:32px;line-height:32px\"><i class=\"sui sui-download\" style=\"font-size:32px;color:#CE0075\"><\/i> Lettre d'info n\u00b046<\/div><div class=\"su-service-content su-u-clearfix su-u-trim\" style=\"padding-left:46px\">Consultez la <a href=\"https:\/\/www.enscmu.uha.fr\/wp-content\/uploads\/2020\/06\/WEB-lettre_info_enscmu_n\u00b046_juin2020.pdf\" target=\"_blank\" rel=\"noopener noreferrer\">Lettre d&rsquo;info n\u00b046 &#8211; Juin 2020<\/a><\/div><\/div>\n<div class=\"su-service\"><div class=\"su-service-title\" style=\"padding-left:46px;min-height:32px;line-height:32px\"><i class=\"sui sui-download\" style=\"font-size:32px;color:#CE0075\"><\/i> Lettre d'info n\u00b045<\/div><div class=\"su-service-content su-u-clearfix su-u-trim\" style=\"padding-left:46px\">Consultez la <a href=\"https:\/\/www.enscmu.uha.fr\/wp-content\/uploads\/2020\/04\/lettre_info_enscmu_n\u00b045_avr2020.pdf\" target=\"_blank\" rel=\"noopener noreferrer\">Lettre d&rsquo;info n\u00b045 &#8211; Avril 2020<\/a><\/div><\/div>\n<div class=\"su-service\"><div class=\"su-service-title\" style=\"padding-left:46px;min-height:32px;line-height:32px\"><i class=\"sui sui-download\" style=\"font-size:32px;color:#CE0075\"><\/i> Lettre d'info n\u00b044<\/div><div class=\"su-service-content su-u-clearfix su-u-trim\" style=\"padding-left:46px\">Consultez la <a href=\"https:\/\/www.enscmu.uha.fr\/wp-content\/uploads\/2020\/01\/lettre_info_enscmu_n\u00b044_jan2020.pdf\" target=\"_blank\" rel=\"noopener noreferrer\">Lettre d&rsquo;info n\u00b044 &#8211; Janvier 2020<\/a><\/div><\/div>\n<div class=\"su-service\"><div class=\"su-service-title\" style=\"padding-left:46px;min-height:32px;line-height:32px\"><i class=\"sui sui-download\" style=\"font-size:32px;color:#CE0075\"><\/i> Lettre d'info n\u00b043<\/div><div class=\"su-service-content su-u-clearfix su-u-trim\" style=\"padding-left:46px\">Consultez la <a href=\"https:\/\/www.enscmu.uha.fr\/wp-content\/uploads\/2019\/10\/lettre_info_enscmu_n\u00b043_oct2019.pdf\" target=\"_blank\" rel=\"noopener noreferrer\">Lettre d&rsquo;info n\u00b043 &#8211; Octobre 2019<\/a><\/div><\/div>\n<div class=\"su-service\"><div class=\"su-service-title\" style=\"padding-left:46px;min-height:32px;line-height:32px\"><i class=\"sui sui-download\" style=\"font-size:32px;color:#CE0075\"><\/i> Lettre d'info n\u00b042<\/div><div class=\"su-service-content su-u-clearfix su-u-trim\" style=\"padding-left:46px\">Consultez la <a href=\"https:\/\/www.enscmu.uha.fr\/wp-content\/uploads\/2019\/07\/lettre_info_enscmu_n\u00b042_juin2019.pdf\" target=\"_blank\" rel=\"noopener noreferrer\">Lettre d&rsquo;info n\u00b042 &#8211; Juin 2019<\/a><\/div><\/div>\n<div class=\"su-service\"><div class=\"su-service-title\" style=\"padding-left:46px;min-height:32px;line-height:32px\"><i class=\"sui sui-download\" style=\"font-size:32px;color:#CE0075\"><\/i> Lettre d'info n\u00b041<\/div><div class=\"su-service-content su-u-clearfix su-u-trim\" style=\"padding-left:46px\">Consultez la <a href=\"https:\/\/www.enscmu.uha.fr\/wp-content\/uploads\/2019\/04\/lettre_info_enscmu_n\u00b041_avr2019.pdf\" target=\"_blank\" rel=\"noopener noreferrer\">Lettre d&rsquo;info n\u00b041 &#8211; Avril 2019<\/a><\/div><\/div>\n<div class=\"su-service\"><div class=\"su-service-title\" style=\"padding-left:46px;min-height:32px;line-height:32px\"><i class=\"sui sui-download\" style=\"font-size:32px;color:#CE0075\"><\/i> Lettre d'info n\u00b040<\/div><div class=\"su-service-content su-u-clearfix su-u-trim\" style=\"padding-left:46px\">Consultez la <a href=\"https:\/\/www.enscmu.uha.fr\/wp-content\/uploads\/2019\/02\/lettre_info_enscmu_n\u00b040_fev2019.pdf\" target=\"_blank\" rel=\"noopener noreferrer\">Lettre d&rsquo;info n\u00b040 &#8211; F\u00e9vrier 2019<\/a><\/div><\/div>\n<div class=\"su-service\"><div class=\"su-service-title\" style=\"padding-left:46px;min-height:32px;line-height:32px\"><i class=\"sui sui-download\" style=\"font-size:32px;color:#CE0075\"><\/i> Lettre d'info n\u00b039<\/div><div class=\"su-service-content su-u-clearfix su-u-trim\" style=\"padding-left:46px\">Consultez la <a href=\"https:\/\/www.enscmu.uha.fr\/wp-content\/uploads\/2018\/10\/lettre_info_enscmu_n39_oct2018.pdf\" target=\"_blank\" rel=\"noopener noreferrer\">Lettre d&rsquo;info n\u00b039 &#8211; Octobre 2018<\/a><\/div><\/div>\n<div class=\"su-service\"><div class=\"su-service-title\" style=\"padding-left:46px;min-height:32px;line-height:32px\"><i class=\"sui sui-download\" style=\"font-size:32px;color:#CE0075\"><\/i> Lettre d'info n\u00b038<\/div><div class=\"su-service-content su-u-clearfix su-u-trim\" style=\"padding-left:46px\">Consultez la <a href=\"https:\/\/www.enscmu.uha.fr\/wp-content\/uploads\/2018\/05\/lettre_info_enscmu_n38_mai2018-3.pdf\" target=\"_blank\" rel=\"noopener noreferrer\">Lettre d&rsquo;info n\u00b038 &#8211; Mai 2018<\/a><\/div><\/div>\n<div id=\"s3gt_translate_tooltip_mini\" class=\"s3gt_translate_tooltip_mini_box\" style=\"background: initial !important; border: initial !important; border-radius: initial !important; border-spacing: initial !important; border-collapse: initial !important; direction: ltr !important; flex-direction: initial !important; font-weight: initial !important; height: initial !important; letter-spacing: initial !important; min-width: initial !important; max-width: initial !important; min-height: initial !important; max-height: initial !important; margin: auto !important; outline: initial !important; padding: initial !important; position: absolute; table-layout: initial !important; text-align: initial !important; text-shadow: initial !important; width: initial !important; word-break: initial !important; word-spacing: initial !important; overflow-wrap: initial !important; box-sizing: initial !important; display: initial !important; color: inherit !important; font-size: 13px !important; font-family: X-LocaleSpecific, sans-serif, Tahoma, Helvetica !important; line-height: 13px !important; vertical-align: top !important; white-space: inherit !important; left: 156px; top: 129px; opacity: 0.7;\">\n<div id=\"s3gt_translate_tooltip_mini_logo\" class=\"s3gt_translate_tooltip_mini\" title=\"Traduire le texte s\u00e9lectionn\u00e9\"><\/div>\n<div id=\"s3gt_translate_tooltip_mini_sound\" class=\"s3gt_translate_tooltip_mini\" title=\"Lecture\"><\/div>\n<div id=\"s3gt_translate_tooltip_mini_copy\" class=\"s3gt_translate_tooltip_mini\" title=\"Copier le texte dans le presse-papiers\"><\/div>\n<\/div>\n","protected":false},"excerpt":{"rendered":"<p>D\u00e9couvrez la nouvelle lettre d&rsquo;information de l&rsquo;ENSCMu : \u00ab\u00a0R\u00c9ACTIONS POSITIVES\u00a0\u00bb ! Publi\u00e9e quatre fois par an, elle pr\u00e9sente les grandes actualit\u00e9s de l&rsquo;\u00e9cole, ses projets, sa vie \u00e9tudiante, ses personnels et enseignants, ses alumni, les liens avec la recherche et avec l&rsquo;entreprise. &nbsp; Anciens num\u00e9ros de l&rsquo;ENSCMu&rsquo;news :<\/p>\n","protected":false},"author":1,"featured_media":0,"parent":2,"menu_order":3,"comment_status":"closed","ping_status":"closed","template":"","meta":{"footnotes":""},"categories":[6,5],"tags":[],"class_list":["post-289","page","type-page","status-publish","hentry","category-entreprises-partenaires","category-futurs-etudiants"],"yoast_head":"<!-- This site is optimized with the Yoast SEO plugin v27.0 - https:\/\/yoast.com\/product\/yoast-seo-wordpress\/ -->\n<title>NEWSLETTER - ENSCMu<\/title>\n<meta name=\"robots\" content=\"index, follow, max-snippet:-1, max-image-preview:large, max-video-preview:-1\" \/>\n<link rel=\"canonical\" href=\"https:\/\/www.enscmu.uha.fr\/index.php\/ecole-ingenieurs-chimistes-mulhouse\/lettre-dinformation\/\" \/>\n<meta property=\"og:locale\" content=\"fr_FR\" \/>\n<meta property=\"og:type\" content=\"article\" \/>\n<meta property=\"og:title\" content=\"NEWSLETTER - ENSCMu\" \/>\n<meta property=\"og:description\" content=\"D\u00e9couvrez la nouvelle lettre d&rsquo;information de l&rsquo;ENSCMu : \u00ab\u00a0R\u00c9ACTIONS POSITIVES\u00a0\u00bb ! Publi\u00e9e quatre fois par an, elle pr\u00e9sente les grandes actualit\u00e9s de l&rsquo;\u00e9cole, ses projets, sa vie \u00e9tudiante, ses personnels et enseignants, ses alumni, les liens avec la recherche et avec l&rsquo;entreprise. &nbsp; Anciens num\u00e9ros de l&rsquo;ENSCMu&rsquo;news :\" \/>\n<meta property=\"og:url\" content=\"https:\/\/www.enscmu.uha.fr\/index.php\/ecole-ingenieurs-chimistes-mulhouse\/lettre-dinformation\/\" \/>\n<meta property=\"og:site_name\" content=\"ENSCMu | \u00c9cole Nationale Sup\u00e9rieure de Chimie de Mulhouse\" \/>\n<meta property=\"article:modified_time\" content=\"2026-01-30T08:19:13+00:00\" \/>\n<meta name=\"twitter:card\" content=\"summary_large_image\" \/>\n<meta name=\"twitter:label1\" content=\"Dur\u00e9e de lecture estim\u00e9e\" \/>\n\t<meta name=\"twitter:data1\" content=\"2 minutes\" \/>\n<script type=\"application\/ld+json\" class=\"yoast-schema-graph\">{\"@context\":\"https:\/\/schema.org\",\"@graph\":[{\"@type\":\"WebPage\",\"@id\":\"https:\/\/www.enscmu.uha.fr\/index.php\/ecole-ingenieurs-chimistes-mulhouse\/lettre-dinformation\/\",\"url\":\"https:\/\/www.enscmu.uha.fr\/index.php\/ecole-ingenieurs-chimistes-mulhouse\/lettre-dinformation\/\",\"name\":\"NEWSLETTER - ENSCMu\",\"isPartOf\":{\"@id\":\"https:\/\/www.enscmu.uha.fr\/#website\"},\"datePublished\":\"2017-12-15T13:12:31+00:00\",\"dateModified\":\"2026-01-30T08:19:13+00:00\",\"breadcrumb\":{\"@id\":\"https:\/\/www.enscmu.uha.fr\/index.php\/ecole-ingenieurs-chimistes-mulhouse\/lettre-dinformation\/#breadcrumb\"},\"inLanguage\":\"fr-FR\",\"potentialAction\":[{\"@type\":\"ReadAction\",\"target\":[\"https:\/\/www.enscmu.uha.fr\/index.php\/ecole-ingenieurs-chimistes-mulhouse\/lettre-dinformation\/\"]}]},{\"@type\":\"BreadcrumbList\",\"@id\":\"https:\/\/www.enscmu.uha.fr\/index.php\/ecole-ingenieurs-chimistes-mulhouse\/lettre-dinformation\/#breadcrumb\",\"itemListElement\":[{\"@type\":\"ListItem\",\"position\":1,\"name\":\"Accueil\",\"item\":\"https:\/\/www.enscmu.uha.fr\/\"},{\"@type\":\"ListItem\",\"position\":2,\"name\":\"L&rsquo;ENSCMu\",\"item\":\"https:\/\/www.enscmu.uha.fr\/index.php\/ecole-ingenieurs-chimistes-mulhouse\/\"},{\"@type\":\"ListItem\",\"position\":3,\"name\":\"NEWSLETTER\"}]},{\"@type\":\"WebSite\",\"@id\":\"https:\/\/www.enscmu.uha.fr\/#website\",\"url\":\"https:\/\/www.enscmu.uha.fr\/\",\"name\":\"ENSCMu | \u00c9cole Nationale Sup\u00e9rieure de Chimie de Mulhouse\",\"description\":\"Campus Illberg | Universit\u00e9 de Haute-Alsace\",\"potentialAction\":[{\"@type\":\"SearchAction\",\"target\":{\"@type\":\"EntryPoint\",\"urlTemplate\":\"https:\/\/www.enscmu.uha.fr\/?s={search_term_string}\"},\"query-input\":{\"@type\":\"PropertyValueSpecification\",\"valueRequired\":true,\"valueName\":\"search_term_string\"}}],\"inLanguage\":\"fr-FR\"}]}<\/script>\n<!-- \/ Yoast SEO plugin. -->","yoast_head_json":{"title":"NEWSLETTER - ENSCMu","robots":{"index":"index","follow":"follow","max-snippet":"max-snippet:-1","max-image-preview":"max-image-preview:large","max-video-preview":"max-video-preview:-1"},"canonical":"https:\/\/www.enscmu.uha.fr\/index.php\/ecole-ingenieurs-chimistes-mulhouse\/lettre-dinformation\/","og_locale":"fr_FR","og_type":"article","og_title":"NEWSLETTER - ENSCMu","og_description":"D\u00e9couvrez la nouvelle lettre d&rsquo;information de l&rsquo;ENSCMu : \u00ab\u00a0R\u00c9ACTIONS POSITIVES\u00a0\u00bb ! Publi\u00e9e quatre fois par an, elle pr\u00e9sente les grandes actualit\u00e9s de l&rsquo;\u00e9cole, ses projets, sa vie \u00e9tudiante, ses personnels et enseignants, ses alumni, les liens avec la recherche et avec l&rsquo;entreprise. &nbsp; Anciens num\u00e9ros de l&rsquo;ENSCMu&rsquo;news :","og_url":"https:\/\/www.enscmu.uha.fr\/index.php\/ecole-ingenieurs-chimistes-mulhouse\/lettre-dinformation\/","og_site_name":"ENSCMu | \u00c9cole Nationale Sup\u00e9rieure de Chimie de Mulhouse","article_modified_time":"2026-01-30T08:19:13+00:00","twitter_card":"summary_large_image","twitter_misc":{"Dur\u00e9e de lecture estim\u00e9e":"2 minutes"},"schema":{"@context":"https:\/\/schema.org","@graph":[{"@type":"WebPage","@id":"https:\/\/www.enscmu.uha.fr\/index.php\/ecole-ingenieurs-chimistes-mulhouse\/lettre-dinformation\/","url":"https:\/\/www.enscmu.uha.fr\/index.php\/ecole-ingenieurs-chimistes-mulhouse\/lettre-dinformation\/","name":"NEWSLETTER - ENSCMu","isPartOf":{"@id":"https:\/\/www.enscmu.uha.fr\/#website"},"datePublished":"2017-12-15T13:12:31+00:00","dateModified":"2026-01-30T08:19:13+00:00","breadcrumb":{"@id":"https:\/\/www.enscmu.uha.fr\/index.php\/ecole-ingenieurs-chimistes-mulhouse\/lettre-dinformation\/#breadcrumb"},"inLanguage":"fr-FR","potentialAction":[{"@type":"ReadAction","target":["https:\/\/www.enscmu.uha.fr\/index.php\/ecole-ingenieurs-chimistes-mulhouse\/lettre-dinformation\/"]}]},{"@type":"BreadcrumbList","@id":"https:\/\/www.enscmu.uha.fr\/index.php\/ecole-ingenieurs-chimistes-mulhouse\/lettre-dinformation\/#breadcrumb","itemListElement":[{"@type":"ListItem","position":1,"name":"Accueil","item":"https:\/\/www.enscmu.uha.fr\/"},{"@type":"ListItem","position":2,"name":"L&rsquo;ENSCMu","item":"https:\/\/www.enscmu.uha.fr\/index.php\/ecole-ingenieurs-chimistes-mulhouse\/"},{"@type":"ListItem","position":3,"name":"NEWSLETTER"}]},{"@type":"WebSite","@id":"https:\/\/www.enscmu.uha.fr\/#website","url":"https:\/\/www.enscmu.uha.fr\/","name":"ENSCMu | \u00c9cole Nationale Sup\u00e9rieure de Chimie de Mulhouse","description":"Campus Illberg | Universit\u00e9 de Haute-Alsace","potentialAction":[{"@type":"SearchAction","target":{"@type":"EntryPoint","urlTemplate":"https:\/\/www.enscmu.uha.fr\/?s={search_term_string}"},"query-input":{"@type":"PropertyValueSpecification","valueRequired":true,"valueName":"search_term_string"}}],"inLanguage":"fr-FR"}]}},"_links":{"self":[{"href":"https:\/\/www.enscmu.uha.fr\/index.php\/wp-json\/wp\/v2\/pages\/289","targetHints":{"allow":["GET"]}}],"collection":[{"href":"https:\/\/www.enscmu.uha.fr\/index.php\/wp-json\/wp\/v2\/pages"}],"about":[{"href":"https:\/\/www.enscmu.uha.fr\/index.php\/wp-json\/wp\/v2\/types\/page"}],"author":[{"embeddable":true,"href":"https:\/\/www.enscmu.uha.fr\/index.php\/wp-json\/wp\/v2\/users\/1"}],"replies":[{"embeddable":true,"href":"https:\/\/www.enscmu.uha.fr\/index.php\/wp-json\/wp\/v2\/comments?post=289"}],"version-history":[{"count":50,"href":"https:\/\/www.enscmu.uha.fr\/index.php\/wp-json\/wp\/v2\/pages\/289\/revisions"}],"predecessor-version":[{"id":5882,"href":"https:\/\/www.enscmu.uha.fr\/index.php\/wp-json\/wp\/v2\/pages\/289\/revisions\/5882"}],"up":[{"embeddable":true,"href":"https:\/\/www.enscmu.uha.fr\/index.php\/wp-json\/wp\/v2\/pages\/2"}],"wp:attachment":[{"href":"https:\/\/www.enscmu.uha.fr\/index.php\/wp-json\/wp\/v2\/media?parent=289"}],"wp:term":[{"taxonomy":"category","embeddable":true,"href":"https:\/\/www.enscmu.uha.fr\/index.php\/wp-json\/wp\/v2\/categories?post=289"},{"taxonomy":"post_tag","embeddable":true,"href":"https:\/\/www.enscmu.uha.fr\/index.php\/wp-json\/wp\/v2\/tags?post=289"}],"curies":[{"name":"wp","href":"https:\/\/api.w.org\/{rel}","templated":true}]}}