{"id":4664,"date":"2024-01-16T11:47:48","date_gmt":"2024-01-16T10:47:48","guid":{"rendered":"https:\/\/www.enscmu.uha.fr\/?page_id=4664"},"modified":"2026-02-17T14:43:07","modified_gmt":"2026-02-17T13:43:07","slug":"cycle-ingenieur-en-apprentissage","status":"publish","type":"page","link":"https:\/\/www.enscmu.uha.fr\/index.php\/formation\/cycle-ingenieur-en-apprentissage\/","title":{"rendered":"CYCLE ING\u00c9NIEUR EN APPRENTISSAGE"},"content":{"rendered":"<div class=\"deflex main\" style=\"display: flex;\">\n<div class=\"deborder\" style=\"width: 70%; margin-left: auto; margin-right: auto; padding-right: 5%;\">\n<figure id=\"attachment_4666\" aria-describedby=\"caption-attachment-4666\" style=\"width: 200px\" class=\"wp-caption alignright\"><img loading=\"lazy\" decoding=\"async\" class=\"wp-image-4666 size-medium\" src=\"https:\/\/www.enscmu.uha.fr\/wp-content\/uploads\/2024\/01\/20170912-0784-200x300.jpg\" alt=\"\" width=\"200\" height=\"300\" srcset=\"https:\/\/www.enscmu.uha.fr\/wp-content\/uploads\/2024\/01\/20170912-0784-200x300.jpg 200w, https:\/\/www.enscmu.uha.fr\/wp-content\/uploads\/2024\/01\/20170912-0784-683x1024.jpg 683w, https:\/\/www.enscmu.uha.fr\/wp-content\/uploads\/2024\/01\/20170912-0784-768x1151.jpg 768w, https:\/\/www.enscmu.uha.fr\/wp-content\/uploads\/2024\/01\/20170912-0784-1025x1536.jpg 1025w, https:\/\/www.enscmu.uha.fr\/wp-content\/uploads\/2024\/01\/20170912-0784-1367x2048.jpg 1367w, https:\/\/www.enscmu.uha.fr\/wp-content\/uploads\/2024\/01\/20170912-0784-scaled.jpg 1709w\" sizes=\"auto, (max-width: 200px) 100vw, 200px\" \/><figcaption id=\"caption-attachment-4666\" class=\"wp-caption-text\">Photo : Gr\u00e9gory TACHET<\/figcaption><\/figure>\n<p>Depuis la rentr\u00e9e 2024, l\u2019ENSCMu a ouvert une voie d\u2019acc\u00e8s \u00e0 sa formation d\u2019ing\u00e9nieur chimiste par apprentissage en 3 ans (FISA). Ce parcours est accessible sur dossier\/entretien aux \u00e9tudiants issus :<\/p>\n<ul>\n<li aria-level=\"1\">Du cycle post-Bac de l\u2019ENSCMu (5% des admis 2025\/26, 0% des admis 2024\/25) ;<\/li>\n<li aria-level=\"1\">D\u2019un Bachelor Universitaire de Technologie chimie BUT 2 et BUT 3 (95% des admis 2025\/26, 78% des admis 2024\/25) ;<\/li>\n<li aria-level=\"1\">D\u2019une licence de chimie L2 et L3 (0% des admis 2025\/26, 22% des admis 2024\/25).<\/li>\n<\/ul>\n<p>La formation en apprentissage donne lieu au m\u00eame dipl\u00f4me d\u2019ing\u00e9nieur chimiste que la formation sous statut \u00e9tudiant.<\/p>\n<p>La totalit\u00e9 des travaux pratiques et la majorit\u00e9 des enseignements sont suivis pendant le temps de pr\u00e9sence \u00e0 l\u2019\u00e9cole.<\/p>\n<p>Cette derni\u00e8re est propos\u00e9e en collaboration avec le <a href=\"https:\/\/www.afi24.org\" target=\"_blank\" rel=\"noopener\">Centre de Formation par Apprentissage AFI24<\/a>, un CFA d\u00e9di\u00e9 \u00e0 l\u2019acquisition, par l\u2019apprentissage, d\u2019un socle de connaissances et de comp\u00e9tences en chimie, biologie, biotechnologie et physique.<\/p>\n<h1>Organisation de l&rsquo;alternance<\/h1>\n<p><img loading=\"lazy\" decoding=\"async\" class=\"alignnone wp-image-4667 size-full\" src=\"https:\/\/www.enscmu.uha.fr\/wp-content\/uploads\/2024\/01\/Capture.jpg\" alt=\"\" width=\"1500\" height=\"355\" srcset=\"https:\/\/www.enscmu.uha.fr\/wp-content\/uploads\/2024\/01\/Capture.jpg 1500w, https:\/\/www.enscmu.uha.fr\/wp-content\/uploads\/2024\/01\/Capture-300x71.jpg 300w, https:\/\/www.enscmu.uha.fr\/wp-content\/uploads\/2024\/01\/Capture-1024x242.jpg 1024w, https:\/\/www.enscmu.uha.fr\/wp-content\/uploads\/2024\/01\/Capture-768x182.jpg 768w\" sizes=\"auto, (max-width: 1500px) 100vw, 1500px\" \/><\/p>\n<h1>Un accompagnement privil\u00e9gi\u00e9<\/h1>\n<p>L\u2019AFi24 et l\u2019ENSCMu offrent un accompagnement de qualit\u00e9 aux alternants et aux entreprises:<\/p>\n<p><strong>&#8211; Pour l\u2019alternant :<\/strong> tous les candidats \u00e0 notre formation suivent un parcours de s\u00e9lection puis d\u2019accompagnement : analyse du dossier scolaire, entretien de motivation et parcours d\u2019aide \u00e0 la recherche d\u2019un contrat (MOOC, aide \u00e0 la r\u00e9daction du CV et de la lettre de motivation, pr\u00e9paration aux entretiens, acc\u00e8s aux offres mises \u00e0 disposition par l\u2019AFI24&#8230;).<\/p>\n<p><strong>&#8211; Pour l\u2019entreprise :<\/strong> gr\u00e2ce \u00e0 l\u2019expertise de nos \u00e9quipes, l\u2019AFi24 et l\u2019ENSCMu vous accompagnent sur la d\u00e9finition de vos besoins en alternance et le recrutement de votre futur apprenti (acc\u00e8s \u00e0 une CVth\u00e8que des candidats, remplissage du contrat d\u2019apprentissage en ligne, suivi des candidatures aux offres de contrats&#8230;).<\/p>\n<h1>Pourquoi choisir l&rsquo;apprentissage ?<\/h1>\n<p>&#8211; Un cursus qui facilite l\u2019insertion professionnelle en permettant l\u2019acquisition d\u2019une exp\u00e9rience pratique significative sans frais de scolarit\u00e9<\/p>\n<p>&#8211; Les ann\u00e9es d\u2019apprentissage sont d\u00e9sormais enti\u00e8rement prises en compte pour les droits \u00e0 la retraite<\/p>\n<p>&#8211; Groupe identifi\u00e9 (15-20 \u00e9tudiants) int\u00e9gr\u00e9 aux promotions des \u00e9l\u00e8ves<\/p>\n<p>&#8211; Toutes les options de 3\u00e8me ann\u00e9e sont accessibles en apprentissage<\/p>\n<p>&#8211; Neuf semaines de mobilit\u00e9 internationale obligatoire favoris\u00e9e par un contexte transfrontalier privil\u00e9gi\u00e9<\/p>\n<p>&#8211; L\u2019obtention de la certification Afnor Lean Management Green Belt<\/p>\n<h1>Comment candidater<\/h1>\n<p>Les candidats s\u2019inscrivent via le site de l\u2019AFi24 \u00e0 partir du 15 janvier\u00a0 : <a href=\"https:\/\/www.afi24.org\/produit\/ingenieur-chimiste-de-lecole-nationale-superieure-de-chimie-de-mulhouse-enscmu-3a\/\">https:\/\/www.afi24.org\/produit\/ingenieur-chimiste-de-lecole-nationale-superieure-de-chimie-de-mulhouse-enscmu-3a\/<\/a><\/p>\n<p>Admission sur examen du dossier et entretien de motivation (sur convocation).<\/p>\n<p>&nbsp;<\/p>\n<p>Consultez les <a class=\"fancybox image\" href=\"https:\/\/www.enscmu.uha.fr\/wp-content\/uploads\/2025\/09\/ENSCMu_chiffres-cles_2025-26.jpg\" target=\"_blank\" rel=\"noopener noreferrer\" aria-controls=\"fancybox-wrap\" aria-haspopup=\"dialog\">chiffres cl\u00e9s<\/a>.<\/p>\n<p>Consultez la <a href=\"https:\/\/www.francecompetences.fr\/recherche\/rncp\/39142\/\" target=\"_blank\" rel=\"noopener\">fiche RNCP du dipl\u00f4me<\/a>.<\/p>\n<\/div>\n<div style=\"width: 27.5%; margin-left: auto; margin-right: auto;\">Contacts :<br \/>\nT\u00e9l. : +33 (0)3 89 33 68 43<br \/>\nCourriel : <a href=\"mailto:apprentissage.enscmu@uha.fr\"><span class=\"fontstyle0\">apprentissage.enscmu@uha.fr<\/span><\/a><div class=\"su-service\"><div class=\"su-service-title\" style=\"padding-left:46px;min-height:32px;line-height:32px\"><i class=\"sui sui-download\" style=\"font-size:32px;color:#CE0075\"><\/i> A t\u00e9l\u00e9charger<\/div><div class=\"su-service-content su-u-clearfix su-u-trim\" style=\"padding-left:46px\"><a href=\"https:\/\/www.enscmu.uha.fr\/wp-content\/uploads\/2025\/11\/ENSCMu_plaquette_2025-2026_web.pdf\" target=\"_blank\" rel=\"noopener noreferrer\">Plaquette formation cycle ing\u00e9nieur ENSCMu<\/a><\/div><\/div>\n<div class=\"su-service\"><div class=\"su-service-title\" style=\"padding-left:46px;min-height:32px;line-height:32px\"><i class=\"sui sui-download\" style=\"font-size:32px;color:#CE0075\"><\/i> A t\u00e9l\u00e9charger<\/div><div class=\"su-service-content su-u-clearfix su-u-trim\" style=\"padding-left:46px\"><a href=\"https:\/\/www.enscmu.uha.fr\/wp-content\/uploads\/2024\/10\/ENSCMu_flyer-apprentissage.pdf\">Flyer cycle ing\u00e9nieur en apprentissage<\/a><\/div><\/div><img loading=\"lazy\" decoding=\"async\" class=\"alignnone wp-image-4692 size-medium\" src=\"https:\/\/www.enscmu.uha.fr\/wp-content\/uploads\/2024\/01\/LOGO_AFi24_horizontal_cmjn_page-0001-11-300x98.jpg\" alt=\"\" width=\"300\" height=\"98\" srcset=\"https:\/\/www.enscmu.uha.fr\/wp-content\/uploads\/2024\/01\/LOGO_AFi24_horizontal_cmjn_page-0001-11-300x98.jpg 300w, https:\/\/www.enscmu.uha.fr\/wp-content\/uploads\/2024\/01\/LOGO_AFi24_horizontal_cmjn_page-0001-11.jpg 614w\" sizes=\"auto, (max-width: 300px) 100vw, 300px\" \/><br \/>\nContact AFi24 :<br \/>\nJulie BIENTZ<br \/>\nCharg\u00e9e de mission<br \/>\nj.bientz@afi24.org<\/div>\n<div><\/div>\n<div id=\"s3gt_translate_tooltip_mini\" class=\"s3gt_translate_tooltip_mini_box\" style=\"background: initial !important; border: initial !important; border-radius: initial !important; border-spacing: initial !important; border-collapse: initial !important; direction: ltr !important; flex-direction: initial !important; font-weight: initial !important; height: initial !important; letter-spacing: initial !important; min-width: initial !important; max-width: initial !important; min-height: initial !important; max-height: initial !important; margin: auto !important; outline: initial !important; padding: initial !important; position: absolute; table-layout: initial !important; text-align: initial !important; text-shadow: initial !important; width: initial !important; word-break: initial !important; word-spacing: initial !important; overflow-wrap: initial !important; box-sizing: initial !important; display: initial !important; color: inherit !important; font-size: 13px !important; font-family: X-LocaleSpecific, sans-serif, Tahoma, Helvetica !important; line-height: 13px !important; vertical-align: top !important; white-space: inherit !important; left: 194px; top: 1643px; opacity: 0.6;\">\n<div id=\"s3gt_translate_tooltip_mini_logo\" class=\"s3gt_translate_tooltip_mini\" title=\"Traduire le texte s\u00e9lectionn\u00e9\"><\/div>\n<div id=\"s3gt_translate_tooltip_mini_sound\" class=\"s3gt_translate_tooltip_mini\" title=\"Lecture\"><\/div>\n<div id=\"s3gt_translate_tooltip_mini_copy\" class=\"s3gt_translate_tooltip_mini\" title=\"Copier le texte dans le presse-papiers\"><\/div>\n<\/div>\n<\/div>\n","protected":false},"excerpt":{"rendered":"<p>Depuis la rentr\u00e9e 2024, l\u2019ENSCMu a ouvert une voie d\u2019acc\u00e8s \u00e0 sa formation d\u2019ing\u00e9nieur chimiste par apprentissage en 3 ans (FISA). Ce parcours est accessible sur dossier\/entretien aux \u00e9tudiants issus : Du cycle post-Bac de l\u2019ENSCMu (5% des admis 2025\/26, 0% des admis 2024\/25) ; D\u2019un Bachelor Universitaire de Technologie chimie BUT 2 et BUT [&hellip;]<\/p>\n","protected":false},"author":10,"featured_media":0,"parent":17,"menu_order":0,"comment_status":"closed","ping_status":"closed","template":"","meta":{"footnotes":""},"categories":[5],"tags":[],"class_list":["post-4664","page","type-page","status-publish","hentry","category-futurs-etudiants"],"yoast_head":"<!-- This site is optimized with the Yoast SEO plugin v27.4 - https:\/\/yoast.com\/product\/yoast-seo-wordpress\/ -->\n<title>CYCLE ING\u00c9NIEUR EN APPRENTISSAGE - ENSCMu<\/title>\n<meta name=\"robots\" content=\"index, follow, max-snippet:-1, max-image-preview:large, max-video-preview:-1\" \/>\n<link rel=\"canonical\" href=\"https:\/\/www.enscmu.uha.fr\/index.php\/formation\/cycle-ingenieur-en-apprentissage\/\" \/>\n<meta property=\"og:locale\" content=\"fr_FR\" \/>\n<meta property=\"og:type\" content=\"article\" \/>\n<meta property=\"og:title\" content=\"CYCLE ING\u00c9NIEUR EN APPRENTISSAGE - ENSCMu\" \/>\n<meta property=\"og:description\" content=\"Depuis la rentr\u00e9e 2024, l\u2019ENSCMu a ouvert une voie d\u2019acc\u00e8s \u00e0 sa formation d\u2019ing\u00e9nieur chimiste par apprentissage en 3 ans (FISA). Ce parcours est accessible sur dossier\/entretien aux \u00e9tudiants issus : Du cycle post-Bac de l\u2019ENSCMu (5% des admis 2025\/26, 0% des admis 2024\/25) ; D\u2019un Bachelor Universitaire de Technologie chimie BUT 2 et BUT [&hellip;]\" \/>\n<meta property=\"og:url\" content=\"https:\/\/www.enscmu.uha.fr\/index.php\/formation\/cycle-ingenieur-en-apprentissage\/\" \/>\n<meta property=\"og:site_name\" content=\"ENSCMu | \u00c9cole Nationale Sup\u00e9rieure de Chimie de Mulhouse\" \/>\n<meta property=\"article:modified_time\" content=\"2026-02-17T13:43:07+00:00\" \/>\n<meta property=\"og:image\" content=\"https:\/\/www.enscmu.uha.fr\/wp-content\/uploads\/2024\/01\/20170912-0784-scaled.jpg\" \/>\n\t<meta property=\"og:image:width\" content=\"1709\" \/>\n\t<meta property=\"og:image:height\" content=\"2560\" \/>\n\t<meta property=\"og:image:type\" content=\"image\/jpeg\" \/>\n<meta name=\"twitter:card\" content=\"summary_large_image\" \/>\n<meta name=\"twitter:label1\" content=\"Dur\u00e9e de lecture estim\u00e9e\" \/>\n\t<meta name=\"twitter:data1\" content=\"3 minutes\" \/>\n<script type=\"application\/ld+json\" class=\"yoast-schema-graph\">{\"@context\":\"https:\\\/\\\/schema.org\",\"@graph\":[{\"@type\":\"WebPage\",\"@id\":\"https:\\\/\\\/www.enscmu.uha.fr\\\/index.php\\\/formation\\\/cycle-ingenieur-en-apprentissage\\\/\",\"url\":\"https:\\\/\\\/www.enscmu.uha.fr\\\/index.php\\\/formation\\\/cycle-ingenieur-en-apprentissage\\\/\",\"name\":\"CYCLE ING\u00c9NIEUR EN APPRENTISSAGE - ENSCMu\",\"isPartOf\":{\"@id\":\"https:\\\/\\\/www.enscmu.uha.fr\\\/#website\"},\"primaryImageOfPage\":{\"@id\":\"https:\\\/\\\/www.enscmu.uha.fr\\\/index.php\\\/formation\\\/cycle-ingenieur-en-apprentissage\\\/#primaryimage\"},\"image\":{\"@id\":\"https:\\\/\\\/www.enscmu.uha.fr\\\/index.php\\\/formation\\\/cycle-ingenieur-en-apprentissage\\\/#primaryimage\"},\"thumbnailUrl\":\"https:\\\/\\\/www.enscmu.uha.fr\\\/wp-content\\\/uploads\\\/2024\\\/01\\\/20170912-0784-200x300.jpg\",\"datePublished\":\"2024-01-16T10:47:48+00:00\",\"dateModified\":\"2026-02-17T13:43:07+00:00\",\"breadcrumb\":{\"@id\":\"https:\\\/\\\/www.enscmu.uha.fr\\\/index.php\\\/formation\\\/cycle-ingenieur-en-apprentissage\\\/#breadcrumb\"},\"inLanguage\":\"fr-FR\",\"potentialAction\":[{\"@type\":\"ReadAction\",\"target\":[\"https:\\\/\\\/www.enscmu.uha.fr\\\/index.php\\\/formation\\\/cycle-ingenieur-en-apprentissage\\\/\"]}]},{\"@type\":\"ImageObject\",\"inLanguage\":\"fr-FR\",\"@id\":\"https:\\\/\\\/www.enscmu.uha.fr\\\/index.php\\\/formation\\\/cycle-ingenieur-en-apprentissage\\\/#primaryimage\",\"url\":\"https:\\\/\\\/www.enscmu.uha.fr\\\/wp-content\\\/uploads\\\/2024\\\/01\\\/20170912-0784-scaled.jpg\",\"contentUrl\":\"https:\\\/\\\/www.enscmu.uha.fr\\\/wp-content\\\/uploads\\\/2024\\\/01\\\/20170912-0784-scaled.jpg\",\"width\":1709,\"height\":2560},{\"@type\":\"BreadcrumbList\",\"@id\":\"https:\\\/\\\/www.enscmu.uha.fr\\\/index.php\\\/formation\\\/cycle-ingenieur-en-apprentissage\\\/#breadcrumb\",\"itemListElement\":[{\"@type\":\"ListItem\",\"position\":1,\"name\":\"Accueil\",\"item\":\"https:\\\/\\\/www.enscmu.uha.fr\\\/\"},{\"@type\":\"ListItem\",\"position\":2,\"name\":\"FORMATION\",\"item\":\"https:\\\/\\\/www.enscmu.uha.fr\\\/index.php\\\/formation\\\/\"},{\"@type\":\"ListItem\",\"position\":3,\"name\":\"CYCLE ING\u00c9NIEUR EN APPRENTISSAGE\"}]},{\"@type\":\"WebSite\",\"@id\":\"https:\\\/\\\/www.enscmu.uha.fr\\\/#website\",\"url\":\"https:\\\/\\\/www.enscmu.uha.fr\\\/\",\"name\":\"ENSCMu | \u00c9cole Nationale Sup\u00e9rieure de Chimie de Mulhouse\",\"description\":\"Campus Illberg | Universit\u00e9 de Haute-Alsace\",\"potentialAction\":[{\"@type\":\"SearchAction\",\"target\":{\"@type\":\"EntryPoint\",\"urlTemplate\":\"https:\\\/\\\/www.enscmu.uha.fr\\\/?s={search_term_string}\"},\"query-input\":{\"@type\":\"PropertyValueSpecification\",\"valueRequired\":true,\"valueName\":\"search_term_string\"}}],\"inLanguage\":\"fr-FR\"}]}<\/script>\n<!-- \/ Yoast SEO plugin. -->","yoast_head_json":{"title":"CYCLE ING\u00c9NIEUR EN APPRENTISSAGE - ENSCMu","robots":{"index":"index","follow":"follow","max-snippet":"max-snippet:-1","max-image-preview":"max-image-preview:large","max-video-preview":"max-video-preview:-1"},"canonical":"https:\/\/www.enscmu.uha.fr\/index.php\/formation\/cycle-ingenieur-en-apprentissage\/","og_locale":"fr_FR","og_type":"article","og_title":"CYCLE ING\u00c9NIEUR EN APPRENTISSAGE - ENSCMu","og_description":"Depuis la rentr\u00e9e 2024, l\u2019ENSCMu a ouvert une voie d\u2019acc\u00e8s \u00e0 sa formation d\u2019ing\u00e9nieur chimiste par apprentissage en 3 ans (FISA). Ce parcours est accessible sur dossier\/entretien aux \u00e9tudiants issus : Du cycle post-Bac de l\u2019ENSCMu (5% des admis 2025\/26, 0% des admis 2024\/25) ; D\u2019un Bachelor Universitaire de Technologie chimie BUT 2 et BUT [&hellip;]","og_url":"https:\/\/www.enscmu.uha.fr\/index.php\/formation\/cycle-ingenieur-en-apprentissage\/","og_site_name":"ENSCMu | \u00c9cole Nationale Sup\u00e9rieure de Chimie de Mulhouse","article_modified_time":"2026-02-17T13:43:07+00:00","og_image":[{"width":1709,"height":2560,"url":"https:\/\/www.enscmu.uha.fr\/wp-content\/uploads\/2024\/01\/20170912-0784-scaled.jpg","type":"image\/jpeg"}],"twitter_card":"summary_large_image","twitter_misc":{"Dur\u00e9e de lecture estim\u00e9e":"3 minutes"},"schema":{"@context":"https:\/\/schema.org","@graph":[{"@type":"WebPage","@id":"https:\/\/www.enscmu.uha.fr\/index.php\/formation\/cycle-ingenieur-en-apprentissage\/","url":"https:\/\/www.enscmu.uha.fr\/index.php\/formation\/cycle-ingenieur-en-apprentissage\/","name":"CYCLE ING\u00c9NIEUR EN APPRENTISSAGE - ENSCMu","isPartOf":{"@id":"https:\/\/www.enscmu.uha.fr\/#website"},"primaryImageOfPage":{"@id":"https:\/\/www.enscmu.uha.fr\/index.php\/formation\/cycle-ingenieur-en-apprentissage\/#primaryimage"},"image":{"@id":"https:\/\/www.enscmu.uha.fr\/index.php\/formation\/cycle-ingenieur-en-apprentissage\/#primaryimage"},"thumbnailUrl":"https:\/\/www.enscmu.uha.fr\/wp-content\/uploads\/2024\/01\/20170912-0784-200x300.jpg","datePublished":"2024-01-16T10:47:48+00:00","dateModified":"2026-02-17T13:43:07+00:00","breadcrumb":{"@id":"https:\/\/www.enscmu.uha.fr\/index.php\/formation\/cycle-ingenieur-en-apprentissage\/#breadcrumb"},"inLanguage":"fr-FR","potentialAction":[{"@type":"ReadAction","target":["https:\/\/www.enscmu.uha.fr\/index.php\/formation\/cycle-ingenieur-en-apprentissage\/"]}]},{"@type":"ImageObject","inLanguage":"fr-FR","@id":"https:\/\/www.enscmu.uha.fr\/index.php\/formation\/cycle-ingenieur-en-apprentissage\/#primaryimage","url":"https:\/\/www.enscmu.uha.fr\/wp-content\/uploads\/2024\/01\/20170912-0784-scaled.jpg","contentUrl":"https:\/\/www.enscmu.uha.fr\/wp-content\/uploads\/2024\/01\/20170912-0784-scaled.jpg","width":1709,"height":2560},{"@type":"BreadcrumbList","@id":"https:\/\/www.enscmu.uha.fr\/index.php\/formation\/cycle-ingenieur-en-apprentissage\/#breadcrumb","itemListElement":[{"@type":"ListItem","position":1,"name":"Accueil","item":"https:\/\/www.enscmu.uha.fr\/"},{"@type":"ListItem","position":2,"name":"FORMATION","item":"https:\/\/www.enscmu.uha.fr\/index.php\/formation\/"},{"@type":"ListItem","position":3,"name":"CYCLE ING\u00c9NIEUR EN APPRENTISSAGE"}]},{"@type":"WebSite","@id":"https:\/\/www.enscmu.uha.fr\/#website","url":"https:\/\/www.enscmu.uha.fr\/","name":"ENSCMu | \u00c9cole Nationale Sup\u00e9rieure de Chimie de Mulhouse","description":"Campus Illberg | Universit\u00e9 de Haute-Alsace","potentialAction":[{"@type":"SearchAction","target":{"@type":"EntryPoint","urlTemplate":"https:\/\/www.enscmu.uha.fr\/?s={search_term_string}"},"query-input":{"@type":"PropertyValueSpecification","valueRequired":true,"valueName":"search_term_string"}}],"inLanguage":"fr-FR"}]}},"_links":{"self":[{"href":"https:\/\/www.enscmu.uha.fr\/index.php\/wp-json\/wp\/v2\/pages\/4664","targetHints":{"allow":["GET"]}}],"collection":[{"href":"https:\/\/www.enscmu.uha.fr\/index.php\/wp-json\/wp\/v2\/pages"}],"about":[{"href":"https:\/\/www.enscmu.uha.fr\/index.php\/wp-json\/wp\/v2\/types\/page"}],"author":[{"embeddable":true,"href":"https:\/\/www.enscmu.uha.fr\/index.php\/wp-json\/wp\/v2\/users\/10"}],"replies":[{"embeddable":true,"href":"https:\/\/www.enscmu.uha.fr\/index.php\/wp-json\/wp\/v2\/comments?post=4664"}],"version-history":[{"count":14,"href":"https:\/\/www.enscmu.uha.fr\/index.php\/wp-json\/wp\/v2\/pages\/4664\/revisions"}],"predecessor-version":[{"id":5915,"href":"https:\/\/www.enscmu.uha.fr\/index.php\/wp-json\/wp\/v2\/pages\/4664\/revisions\/5915"}],"up":[{"embeddable":true,"href":"https:\/\/www.enscmu.uha.fr\/index.php\/wp-json\/wp\/v2\/pages\/17"}],"wp:attachment":[{"href":"https:\/\/www.enscmu.uha.fr\/index.php\/wp-json\/wp\/v2\/media?parent=4664"}],"wp:term":[{"taxonomy":"category","embeddable":true,"href":"https:\/\/www.enscmu.uha.fr\/index.php\/wp-json\/wp\/v2\/categories?post=4664"},{"taxonomy":"post_tag","embeddable":true,"href":"https:\/\/www.enscmu.uha.fr\/index.php\/wp-json\/wp\/v2\/tags?post=4664"}],"curies":[{"name":"wp","href":"https:\/\/api.w.org\/{rel}","templated":true}]}}