{"id":51,"date":"2017-12-12T15:53:43","date_gmt":"2017-12-12T14:53:43","guid":{"rendered":"https:\/\/www.enscmu.uha.fr\/?page_id=51"},"modified":"2024-10-07T16:23:15","modified_gmt":"2024-10-07T14:23:15","slug":"international","status":"publish","type":"page","link":"https:\/\/www.enscmu.uha.fr\/index.php\/international\/","title":{"rendered":"INTERNATIONAL"},"content":{"rendered":"<figure id=\"attachment_250\" aria-describedby=\"caption-attachment-250\" style=\"width: 300px\" class=\"wp-caption alignright\"><img loading=\"lazy\" decoding=\"async\" class=\"size-medium wp-image-250\" src=\"https:\/\/www.enscmu.uha.fr\/wp-content\/uploads\/2017\/12\/ENSCMu-travaux-pratiques-chimie-analytique2\u00a9GregoryTachet-300x200.jpg\" alt=\"Travaux pratiques - Chimie analytique\" width=\"300\" height=\"200\" srcset=\"https:\/\/www.enscmu.uha.fr\/wp-content\/uploads\/2017\/12\/ENSCMu-travaux-pratiques-chimie-analytique2\u00a9GregoryTachet-300x200.jpg 300w, https:\/\/www.enscmu.uha.fr\/wp-content\/uploads\/2017\/12\/ENSCMu-travaux-pratiques-chimie-analytique2\u00a9GregoryTachet-768x512.jpg 768w, https:\/\/www.enscmu.uha.fr\/wp-content\/uploads\/2017\/12\/ENSCMu-travaux-pratiques-chimie-analytique2\u00a9GregoryTachet-1024x683.jpg 1024w, https:\/\/www.enscmu.uha.fr\/wp-content\/uploads\/2017\/12\/ENSCMu-travaux-pratiques-chimie-analytique2\u00a9GregoryTachet.jpg 1181w\" sizes=\"auto, (max-width: 300px) 100vw, 300px\" \/><figcaption id=\"caption-attachment-250\" class=\"wp-caption-text\">\u00a9GregoryTachet<\/figcaption><\/figure>\n<p>L&rsquo;ENSCMu est engag\u00e9e dans une politique volontariste de d\u00e9veloppement des \u00e9changes internationaux (doubles-dipl\u00f4mes, \u00e9changes Erasmus, accords hors Europe, programmes FITEC avec l&rsquo;Am\u00e9rique du Sud, programmes avec la Chine au sein de la F\u00e9d\u00e9ration Gay-Lussac, participation \u00e0 la mise en place de la <a href=\"https:\/\/www.fst.uha.fr\/index.php\/formations\/licences\/licence-regio-chimica\/\" target=\"_blank\" rel=\"noopener noreferrer\">licence transfrontali\u00e8re en chimie Regio Chimica<\/a>). L&rsquo;objectif est double :<\/p>\n<ul>\n<li>d&rsquo;une part augmenter le nombre d&rsquo;\u00e9tudiants internationaux entrant \u00e0 l&rsquo;\u00e9cole,<\/li>\n<li>d&rsquo;autre part offrir aux futurs ing\u00e9nieurs toujours plus de possibilit\u00e9s d&rsquo;\u00e9changes \u00e0 l&rsquo;international.<\/li>\n<\/ul>\n<p>L\u2019ENSCMu demande \u00e0 tous ses \u00e9l\u00e8ves d\u2019acqu\u00e9rir une <a href=\"https:\/\/www.enscmu.uha.fr\/index.php\/international\/partir-a-letranger\/\">exp\u00e9rience \u00e0 l\u2019international<\/a> durant leur cursus (dur\u00e9e minimale de 16 semaines), en mobilit\u00e9 acad\u00e9mique et\/ou en stage et\/ou en ann\u00e9e de c\u00e9sure.<\/p>\n<p>En mati\u00e8re de recherche, l&rsquo;ENSCMu s&rsquo;appuie sur les <a href=\"https:\/\/www.enscmu.uha.fr\/index.php\/recherche\/equipes-de-recherche\/\">\u00e9quipes et laboratoires<\/a> du campus mulhousien. Ces \u00e9quipes entretiennent de nombreuses collaborations scientifiques avec des partenaires \u00e9trangers. Elles accueillent aussi r\u00e9guli\u00e8rement des chercheurs et doctorants internationaux.<\/p>\n","protected":false},"excerpt":{"rendered":"<p>L&rsquo;ENSCMu est engag\u00e9e dans une politique volontariste de d\u00e9veloppement des \u00e9changes internationaux (doubles-dipl\u00f4mes, \u00e9changes Erasmus, accords hors Europe, programmes FITEC avec l&rsquo;Am\u00e9rique du Sud, programmes avec la Chine au sein de la F\u00e9d\u00e9ration Gay-Lussac, participation \u00e0 la mise en place de la licence transfrontali\u00e8re en chimie Regio Chimica). L&rsquo;objectif est double : d&rsquo;une part augmenter [&hellip;]<\/p>\n","protected":false},"author":1,"featured_media":250,"parent":0,"menu_order":0,"comment_status":"closed","ping_status":"closed","template":"","meta":{"footnotes":""},"categories":[5],"tags":[],"class_list":["post-51","page","type-page","status-publish","has-post-thumbnail","hentry","category-futurs-etudiants"],"yoast_head":"<!-- This site is optimized with the Yoast SEO plugin v27.4 - https:\/\/yoast.com\/product\/yoast-seo-wordpress\/ -->\n<title>INTERNATIONAL - ENSCMu<\/title>\n<meta name=\"robots\" content=\"index, follow, max-snippet:-1, max-image-preview:large, max-video-preview:-1\" \/>\n<link rel=\"canonical\" href=\"https:\/\/www.enscmu.uha.fr\/index.php\/international\/\" \/>\n<meta property=\"og:locale\" content=\"fr_FR\" \/>\n<meta property=\"og:type\" content=\"article\" \/>\n<meta property=\"og:title\" content=\"INTERNATIONAL - ENSCMu\" \/>\n<meta property=\"og:description\" content=\"L&rsquo;ENSCMu est engag\u00e9e dans une politique volontariste de d\u00e9veloppement des \u00e9changes internationaux (doubles-dipl\u00f4mes, \u00e9changes Erasmus, accords hors Europe, programmes FITEC avec l&rsquo;Am\u00e9rique du Sud, programmes avec la Chine au sein de la F\u00e9d\u00e9ration Gay-Lussac, participation \u00e0 la mise en place de la licence transfrontali\u00e8re en chimie Regio Chimica). L&rsquo;objectif est double : d&rsquo;une part augmenter [&hellip;]\" \/>\n<meta property=\"og:url\" content=\"https:\/\/www.enscmu.uha.fr\/index.php\/international\/\" \/>\n<meta property=\"og:site_name\" content=\"ENSCMu | \u00c9cole Nationale Sup\u00e9rieure de Chimie de Mulhouse\" \/>\n<meta property=\"article:modified_time\" content=\"2024-10-07T14:23:15+00:00\" \/>\n<meta property=\"og:image\" content=\"https:\/\/www.enscmu.uha.fr\/wp-content\/uploads\/2017\/12\/ENSCMu-travaux-pratiques-chimie-analytique2\u00a9GregoryTachet.jpg\" \/>\n\t<meta property=\"og:image:width\" content=\"1181\" \/>\n\t<meta property=\"og:image:height\" content=\"788\" \/>\n\t<meta property=\"og:image:type\" content=\"image\/jpeg\" \/>\n<meta name=\"twitter:card\" content=\"summary_large_image\" \/>\n<meta name=\"twitter:label1\" content=\"Dur\u00e9e de lecture estim\u00e9e\" \/>\n\t<meta name=\"twitter:data1\" content=\"2 minutes\" \/>\n<script type=\"application\/ld+json\" class=\"yoast-schema-graph\">{\"@context\":\"https:\\\/\\\/schema.org\",\"@graph\":[{\"@type\":\"WebPage\",\"@id\":\"https:\\\/\\\/www.enscmu.uha.fr\\\/index.php\\\/international\\\/\",\"url\":\"https:\\\/\\\/www.enscmu.uha.fr\\\/index.php\\\/international\\\/\",\"name\":\"INTERNATIONAL - ENSCMu\",\"isPartOf\":{\"@id\":\"https:\\\/\\\/www.enscmu.uha.fr\\\/#website\"},\"primaryImageOfPage\":{\"@id\":\"https:\\\/\\\/www.enscmu.uha.fr\\\/index.php\\\/international\\\/#primaryimage\"},\"image\":{\"@id\":\"https:\\\/\\\/www.enscmu.uha.fr\\\/index.php\\\/international\\\/#primaryimage\"},\"thumbnailUrl\":\"https:\\\/\\\/www.enscmu.uha.fr\\\/wp-content\\\/uploads\\\/2017\\\/12\\\/ENSCMu-travaux-pratiques-chimie-analytique2\u00a9GregoryTachet.jpg\",\"datePublished\":\"2017-12-12T14:53:43+00:00\",\"dateModified\":\"2024-10-07T14:23:15+00:00\",\"breadcrumb\":{\"@id\":\"https:\\\/\\\/www.enscmu.uha.fr\\\/index.php\\\/international\\\/#breadcrumb\"},\"inLanguage\":\"fr-FR\",\"potentialAction\":[{\"@type\":\"ReadAction\",\"target\":[\"https:\\\/\\\/www.enscmu.uha.fr\\\/index.php\\\/international\\\/\"]}]},{\"@type\":\"ImageObject\",\"inLanguage\":\"fr-FR\",\"@id\":\"https:\\\/\\\/www.enscmu.uha.fr\\\/index.php\\\/international\\\/#primaryimage\",\"url\":\"https:\\\/\\\/www.enscmu.uha.fr\\\/wp-content\\\/uploads\\\/2017\\\/12\\\/ENSCMu-travaux-pratiques-chimie-analytique2\u00a9GregoryTachet.jpg\",\"contentUrl\":\"https:\\\/\\\/www.enscmu.uha.fr\\\/wp-content\\\/uploads\\\/2017\\\/12\\\/ENSCMu-travaux-pratiques-chimie-analytique2\u00a9GregoryTachet.jpg\",\"width\":1181,\"height\":788,\"caption\":\"\u00a9GregoryTachet\"},{\"@type\":\"BreadcrumbList\",\"@id\":\"https:\\\/\\\/www.enscmu.uha.fr\\\/index.php\\\/international\\\/#breadcrumb\",\"itemListElement\":[{\"@type\":\"ListItem\",\"position\":1,\"name\":\"Accueil\",\"item\":\"https:\\\/\\\/www.enscmu.uha.fr\\\/\"},{\"@type\":\"ListItem\",\"position\":2,\"name\":\"INTERNATIONAL\"}]},{\"@type\":\"WebSite\",\"@id\":\"https:\\\/\\\/www.enscmu.uha.fr\\\/#website\",\"url\":\"https:\\\/\\\/www.enscmu.uha.fr\\\/\",\"name\":\"ENSCMu | \u00c9cole Nationale Sup\u00e9rieure de Chimie de Mulhouse\",\"description\":\"Campus Illberg | Universit\u00e9 de Haute-Alsace\",\"potentialAction\":[{\"@type\":\"SearchAction\",\"target\":{\"@type\":\"EntryPoint\",\"urlTemplate\":\"https:\\\/\\\/www.enscmu.uha.fr\\\/?s={search_term_string}\"},\"query-input\":{\"@type\":\"PropertyValueSpecification\",\"valueRequired\":true,\"valueName\":\"search_term_string\"}}],\"inLanguage\":\"fr-FR\"}]}<\/script>\n<!-- \/ Yoast SEO plugin. -->","yoast_head_json":{"title":"INTERNATIONAL - ENSCMu","robots":{"index":"index","follow":"follow","max-snippet":"max-snippet:-1","max-image-preview":"max-image-preview:large","max-video-preview":"max-video-preview:-1"},"canonical":"https:\/\/www.enscmu.uha.fr\/index.php\/international\/","og_locale":"fr_FR","og_type":"article","og_title":"INTERNATIONAL - ENSCMu","og_description":"L&rsquo;ENSCMu est engag\u00e9e dans une politique volontariste de d\u00e9veloppement des \u00e9changes internationaux (doubles-dipl\u00f4mes, \u00e9changes Erasmus, accords hors Europe, programmes FITEC avec l&rsquo;Am\u00e9rique du Sud, programmes avec la Chine au sein de la F\u00e9d\u00e9ration Gay-Lussac, participation \u00e0 la mise en place de la licence transfrontali\u00e8re en chimie Regio Chimica). L&rsquo;objectif est double : d&rsquo;une part augmenter [&hellip;]","og_url":"https:\/\/www.enscmu.uha.fr\/index.php\/international\/","og_site_name":"ENSCMu | \u00c9cole Nationale Sup\u00e9rieure de Chimie de Mulhouse","article_modified_time":"2024-10-07T14:23:15+00:00","og_image":[{"width":1181,"height":788,"url":"https:\/\/www.enscmu.uha.fr\/wp-content\/uploads\/2017\/12\/ENSCMu-travaux-pratiques-chimie-analytique2\u00a9GregoryTachet.jpg","type":"image\/jpeg"}],"twitter_card":"summary_large_image","twitter_misc":{"Dur\u00e9e de lecture estim\u00e9e":"2 minutes"},"schema":{"@context":"https:\/\/schema.org","@graph":[{"@type":"WebPage","@id":"https:\/\/www.enscmu.uha.fr\/index.php\/international\/","url":"https:\/\/www.enscmu.uha.fr\/index.php\/international\/","name":"INTERNATIONAL - ENSCMu","isPartOf":{"@id":"https:\/\/www.enscmu.uha.fr\/#website"},"primaryImageOfPage":{"@id":"https:\/\/www.enscmu.uha.fr\/index.php\/international\/#primaryimage"},"image":{"@id":"https:\/\/www.enscmu.uha.fr\/index.php\/international\/#primaryimage"},"thumbnailUrl":"https:\/\/www.enscmu.uha.fr\/wp-content\/uploads\/2017\/12\/ENSCMu-travaux-pratiques-chimie-analytique2\u00a9GregoryTachet.jpg","datePublished":"2017-12-12T14:53:43+00:00","dateModified":"2024-10-07T14:23:15+00:00","breadcrumb":{"@id":"https:\/\/www.enscmu.uha.fr\/index.php\/international\/#breadcrumb"},"inLanguage":"fr-FR","potentialAction":[{"@type":"ReadAction","target":["https:\/\/www.enscmu.uha.fr\/index.php\/international\/"]}]},{"@type":"ImageObject","inLanguage":"fr-FR","@id":"https:\/\/www.enscmu.uha.fr\/index.php\/international\/#primaryimage","url":"https:\/\/www.enscmu.uha.fr\/wp-content\/uploads\/2017\/12\/ENSCMu-travaux-pratiques-chimie-analytique2\u00a9GregoryTachet.jpg","contentUrl":"https:\/\/www.enscmu.uha.fr\/wp-content\/uploads\/2017\/12\/ENSCMu-travaux-pratiques-chimie-analytique2\u00a9GregoryTachet.jpg","width":1181,"height":788,"caption":"\u00a9GregoryTachet"},{"@type":"BreadcrumbList","@id":"https:\/\/www.enscmu.uha.fr\/index.php\/international\/#breadcrumb","itemListElement":[{"@type":"ListItem","position":1,"name":"Accueil","item":"https:\/\/www.enscmu.uha.fr\/"},{"@type":"ListItem","position":2,"name":"INTERNATIONAL"}]},{"@type":"WebSite","@id":"https:\/\/www.enscmu.uha.fr\/#website","url":"https:\/\/www.enscmu.uha.fr\/","name":"ENSCMu | \u00c9cole Nationale Sup\u00e9rieure de Chimie de Mulhouse","description":"Campus Illberg | Universit\u00e9 de Haute-Alsace","potentialAction":[{"@type":"SearchAction","target":{"@type":"EntryPoint","urlTemplate":"https:\/\/www.enscmu.uha.fr\/?s={search_term_string}"},"query-input":{"@type":"PropertyValueSpecification","valueRequired":true,"valueName":"search_term_string"}}],"inLanguage":"fr-FR"}]}},"_links":{"self":[{"href":"https:\/\/www.enscmu.uha.fr\/index.php\/wp-json\/wp\/v2\/pages\/51","targetHints":{"allow":["GET"]}}],"collection":[{"href":"https:\/\/www.enscmu.uha.fr\/index.php\/wp-json\/wp\/v2\/pages"}],"about":[{"href":"https:\/\/www.enscmu.uha.fr\/index.php\/wp-json\/wp\/v2\/types\/page"}],"author":[{"embeddable":true,"href":"https:\/\/www.enscmu.uha.fr\/index.php\/wp-json\/wp\/v2\/users\/1"}],"replies":[{"embeddable":true,"href":"https:\/\/www.enscmu.uha.fr\/index.php\/wp-json\/wp\/v2\/comments?post=51"}],"version-history":[{"count":16,"href":"https:\/\/www.enscmu.uha.fr\/index.php\/wp-json\/wp\/v2\/pages\/51\/revisions"}],"predecessor-version":[{"id":4922,"href":"https:\/\/www.enscmu.uha.fr\/index.php\/wp-json\/wp\/v2\/pages\/51\/revisions\/4922"}],"wp:featuredmedia":[{"embeddable":true,"href":"https:\/\/www.enscmu.uha.fr\/index.php\/wp-json\/wp\/v2\/media\/250"}],"wp:attachment":[{"href":"https:\/\/www.enscmu.uha.fr\/index.php\/wp-json\/wp\/v2\/media?parent=51"}],"wp:term":[{"taxonomy":"category","embeddable":true,"href":"https:\/\/www.enscmu.uha.fr\/index.php\/wp-json\/wp\/v2\/categories?post=51"},{"taxonomy":"post_tag","embeddable":true,"href":"https:\/\/www.enscmu.uha.fr\/index.php\/wp-json\/wp\/v2\/tags?post=51"}],"curies":[{"name":"wp","href":"https:\/\/api.w.org\/{rel}","templated":true}]}}