{"id":5671,"date":"2025-10-29T15:36:10","date_gmt":"2025-10-29T14:36:10","guid":{"rendered":"https:\/\/www.enscmu.uha.fr\/?page_id=5671"},"modified":"2025-11-13T08:19:54","modified_gmt":"2025-11-13T07:19:54","slug":"le-5s-pour-ameliorer-notre-quotidien-au-travail","status":"publish","type":"page","link":"https:\/\/www.enscmu.uha.fr\/index.php\/le-5s-pour-ameliorer-notre-quotidien-au-travail\/","title":{"rendered":"Le 5S pour am\u00e9liorer notre quotidien au travail"},"content":{"rendered":"<p>Dans une d\u00e9marche d\u2019am\u00e9lioration continue, l\u2019organisation du poste de travail joue un r\u00f4le essentiel. C\u2019est dans cette optique que la m\u00e9thode <strong data-start=\"387\" data-end=\"393\">5S<\/strong>, n\u00e9e au Japon, propose une approche structur\u00e9e pour rendre nos environnements de travail plus <strong data-start=\"488\" data-end=\"520\">efficaces, s\u00fbrs et agr\u00e9ables<\/strong>.<\/p>\n<h2 data-start=\"530\" data-end=\"572\">Une m\u00e9thode issue du Lean Management<\/h2>\n<p data-start=\"574\" data-end=\"870\">Le 5S fait partie des outils fondamentaux du <strong data-start=\"619\" data-end=\"638\">Lean Management<\/strong>, une philosophie visant \u00e0 \u00e9liminer les gaspillages et \u00e0 am\u00e9liorer en continu les processus.<br data-start=\"730\" data-end=\"733\" \/>Le nom \u201c5S\u201d provient des <strong data-start=\"758\" data-end=\"780\">cinq mots japonais<\/strong> qui d\u00e9crivent les \u00e9tapes de la d\u00e9marche : <strong data-start=\"823\" data-end=\"869\">Seiri, Seiton, Seiso, Seiketsu et Shitsuke<\/strong>.<\/p>\n<h2 data-start=\"877\" data-end=\"901\">Les 5 \u00e9tapes du 5S<\/h2>\n<ul>\n<li data-start=\"286\" data-end=\"470\">\n<p data-start=\"289\" data-end=\"470\"><strong data-start=\"289\" data-end=\"311\">Seiri \u2013 Trier<\/strong><br data-start=\"311\" data-end=\"314\" \/>\u27a4 \u00c9liminer ce qui est inutile dans l\u2019espace de travail pour ne garder que l\u2019essentiel.<br data-start=\"403\" data-end=\"406\" \/><em data-start=\"409\" data-end=\"470\">Exemple : se d\u00e9barrasser des documents obsol\u00e8tes ou objets inutiles<br \/>\n<\/em><\/p>\n<\/li>\n<li data-start=\"472\" data-end=\"663\">\n<p data-start=\"475\" data-end=\"663\"><strong data-start=\"475\" data-end=\"499\">Seiton \u2013 Ranger<\/strong><br data-start=\"499\" data-end=\"502\" \/>\u27a4 Organiser ce qui reste de mani\u00e8re logique et fonctionnelle pour le retrouver rapidement.<br data-start=\"595\" data-end=\"598\" \/><em data-start=\"601\" data-end=\"663\">Exemple : attribuer une place \u00e0 chaque objet et l\u2019\u00e9tiqueter<br \/>\n<\/em><\/p>\n<\/li>\n<li data-start=\"665\" data-end=\"870\">\n<p data-start=\"668\" data-end=\"870\"><strong data-start=\"668\" data-end=\"693\">Seiso \u2013 Nettoyer<\/strong><br data-start=\"693\" data-end=\"696\" \/>\u27a4 Maintenir un environnement propre et agr\u00e9able, en identifiant les sources de salet\u00e9 ou de dysfonctionnement.<br data-start=\"809\" data-end=\"812\" \/><em data-start=\"815\" data-end=\"870\">Exemple : nettoyer les postes de travail chaque jour.<\/em><\/p>\n<\/li>\n<li data-start=\"872\" data-end=\"1067\">\n<p data-start=\"875\" data-end=\"1067\"><strong data-start=\"875\" data-end=\"907\">Seiketsu \u2013 Standardiser<\/strong><br data-start=\"907\" data-end=\"910\" \/>\u27a4 Mettre en place des standards et des routines pour conserver les trois premiers \u201cS\u201d.<br data-start=\"999\" data-end=\"1002\" \/><em data-start=\"1005\" data-end=\"1067\">Exemple : \u00e9tablir des check-lists ou des affichages visuels.<\/em><\/p>\n<\/li>\n<li data-start=\"1069\" data-end=\"1266\">\n<p data-start=\"1072\" data-end=\"1266\"><strong data-start=\"1072\" data-end=\"1115\">Shitsuke \u2013 P\u00e9renniser \/ Discipliner<\/strong><br data-start=\"1115\" data-end=\"1118\" \/>\u27a4 Faire du 5S une habitude quotidienne en responsabilisant chacun.<br data-start=\"1187\" data-end=\"1190\" \/><em data-start=\"1193\" data-end=\"1266\">Exemple : impliquer toute l\u2019\u00e9quipe et instaurer une culture de rigueur.<\/em><\/p>\n<\/li>\n<\/ul>\n<h2 data-start=\"2727\" data-end=\"2744\">\u00a0En pratique<\/h2>\n<p data-start=\"2746\" data-end=\"3021\">Le 5S peut s\u2019appliquer partout : bureaux, laboratoires&#8230;<br data-start=\"2822\" data-end=\"2825\" \/>La cl\u00e9 du succ\u00e8s r\u00e9side dans la <strong data-start=\"2857\" data-end=\"2882\">participation de tous<\/strong> et la <strong data-start=\"2889\" data-end=\"2903\">r\u00e9gularit\u00e9<\/strong>.<br data-start=\"2904\" data-end=\"2907\" \/>Un bon d\u00e9marrage peut se faire par une journ\u00e9e \u201ccoup de balai\u201d, suivie de routines simples \u00e0 maintenir.<\/p>\n<p data-start=\"2746\" data-end=\"3021\">Le 5S n\u2019est pas seulement une m\u00e9thode de rangement \u2014 c\u2019est un <strong data-start=\"3110\" data-end=\"3127\">\u00e9tat d\u2019esprit<\/strong>.<br data-start=\"3128\" data-end=\"3131\" \/>Il aide \u00e0 instaurer un environnement de travail plus clair, plus efficace et plus motivant pour chacun.<\/p>\n<p data-start=\"2746\" data-end=\"3021\">D\u00e9couvrez un exemple de 5S propos\u00e9 par Samuel : <a href=\"https:\/\/www.enscmu.uha.fr\/wp-content\/uploads\/2025\/11\/Presentaion-5S.pdf\">ici<\/a><\/p>\n","protected":false},"excerpt":{"rendered":"<p>Dans une d\u00e9marche d\u2019am\u00e9lioration continue, l\u2019organisation du poste de travail joue un r\u00f4le essentiel. C\u2019est dans cette optique que la m\u00e9thode 5S, n\u00e9e au Japon, propose une approche structur\u00e9e pour rendre nos environnements de travail plus efficaces, s\u00fbrs et agr\u00e9ables. Une m\u00e9thode issue du Lean Management Le 5S fait partie des outils fondamentaux du Lean [&hellip;]<\/p>\n","protected":false},"author":10,"featured_media":0,"parent":0,"menu_order":0,"comment_status":"closed","ping_status":"closed","template":"","meta":{"footnotes":""},"categories":[],"tags":[],"class_list":["post-5671","page","type-page","status-publish","hentry"],"yoast_head":"<!-- This site is optimized with the Yoast SEO plugin v27.0 - https:\/\/yoast.com\/product\/yoast-seo-wordpress\/ -->\n<title>Le 5S pour am\u00e9liorer notre quotidien au travail - ENSCMu<\/title>\n<meta name=\"robots\" content=\"index, follow, max-snippet:-1, max-image-preview:large, max-video-preview:-1\" \/>\n<link rel=\"canonical\" href=\"https:\/\/www.enscmu.uha.fr\/index.php\/le-5s-pour-ameliorer-notre-quotidien-au-travail\/\" \/>\n<meta property=\"og:locale\" content=\"fr_FR\" \/>\n<meta property=\"og:type\" content=\"article\" \/>\n<meta property=\"og:title\" content=\"Le 5S pour am\u00e9liorer notre quotidien au travail - ENSCMu\" \/>\n<meta property=\"og:description\" content=\"Dans une d\u00e9marche d\u2019am\u00e9lioration continue, l\u2019organisation du poste de travail joue un r\u00f4le essentiel. C\u2019est dans cette optique que la m\u00e9thode 5S, n\u00e9e au Japon, propose une approche structur\u00e9e pour rendre nos environnements de travail plus efficaces, s\u00fbrs et agr\u00e9ables. Une m\u00e9thode issue du Lean Management Le 5S fait partie des outils fondamentaux du Lean [&hellip;]\" \/>\n<meta property=\"og:url\" content=\"https:\/\/www.enscmu.uha.fr\/index.php\/le-5s-pour-ameliorer-notre-quotidien-au-travail\/\" \/>\n<meta property=\"og:site_name\" content=\"ENSCMu | \u00c9cole Nationale Sup\u00e9rieure de Chimie de Mulhouse\" \/>\n<meta property=\"article:modified_time\" content=\"2025-11-13T07:19:54+00:00\" \/>\n<meta name=\"twitter:card\" content=\"summary_large_image\" \/>\n<meta name=\"twitter:label1\" content=\"Dur\u00e9e de lecture estim\u00e9e\" \/>\n\t<meta name=\"twitter:data1\" content=\"2 minutes\" \/>\n<script type=\"application\/ld+json\" class=\"yoast-schema-graph\">{\"@context\":\"https:\/\/schema.org\",\"@graph\":[{\"@type\":\"WebPage\",\"@id\":\"https:\/\/www.enscmu.uha.fr\/index.php\/le-5s-pour-ameliorer-notre-quotidien-au-travail\/\",\"url\":\"https:\/\/www.enscmu.uha.fr\/index.php\/le-5s-pour-ameliorer-notre-quotidien-au-travail\/\",\"name\":\"Le 5S pour am\u00e9liorer notre quotidien au travail - ENSCMu\",\"isPartOf\":{\"@id\":\"https:\/\/www.enscmu.uha.fr\/#website\"},\"datePublished\":\"2025-10-29T14:36:10+00:00\",\"dateModified\":\"2025-11-13T07:19:54+00:00\",\"breadcrumb\":{\"@id\":\"https:\/\/www.enscmu.uha.fr\/index.php\/le-5s-pour-ameliorer-notre-quotidien-au-travail\/#breadcrumb\"},\"inLanguage\":\"fr-FR\",\"potentialAction\":[{\"@type\":\"ReadAction\",\"target\":[\"https:\/\/www.enscmu.uha.fr\/index.php\/le-5s-pour-ameliorer-notre-quotidien-au-travail\/\"]}]},{\"@type\":\"BreadcrumbList\",\"@id\":\"https:\/\/www.enscmu.uha.fr\/index.php\/le-5s-pour-ameliorer-notre-quotidien-au-travail\/#breadcrumb\",\"itemListElement\":[{\"@type\":\"ListItem\",\"position\":1,\"name\":\"Accueil\",\"item\":\"https:\/\/www.enscmu.uha.fr\/\"},{\"@type\":\"ListItem\",\"position\":2,\"name\":\"Le 5S pour am\u00e9liorer notre quotidien au travail\"}]},{\"@type\":\"WebSite\",\"@id\":\"https:\/\/www.enscmu.uha.fr\/#website\",\"url\":\"https:\/\/www.enscmu.uha.fr\/\",\"name\":\"ENSCMu | \u00c9cole Nationale Sup\u00e9rieure de Chimie de Mulhouse\",\"description\":\"Campus Illberg | Universit\u00e9 de Haute-Alsace\",\"potentialAction\":[{\"@type\":\"SearchAction\",\"target\":{\"@type\":\"EntryPoint\",\"urlTemplate\":\"https:\/\/www.enscmu.uha.fr\/?s={search_term_string}\"},\"query-input\":{\"@type\":\"PropertyValueSpecification\",\"valueRequired\":true,\"valueName\":\"search_term_string\"}}],\"inLanguage\":\"fr-FR\"}]}<\/script>\n<!-- \/ Yoast SEO plugin. -->","yoast_head_json":{"title":"Le 5S pour am\u00e9liorer notre quotidien au travail - ENSCMu","robots":{"index":"index","follow":"follow","max-snippet":"max-snippet:-1","max-image-preview":"max-image-preview:large","max-video-preview":"max-video-preview:-1"},"canonical":"https:\/\/www.enscmu.uha.fr\/index.php\/le-5s-pour-ameliorer-notre-quotidien-au-travail\/","og_locale":"fr_FR","og_type":"article","og_title":"Le 5S pour am\u00e9liorer notre quotidien au travail - ENSCMu","og_description":"Dans une d\u00e9marche d\u2019am\u00e9lioration continue, l\u2019organisation du poste de travail joue un r\u00f4le essentiel. C\u2019est dans cette optique que la m\u00e9thode 5S, n\u00e9e au Japon, propose une approche structur\u00e9e pour rendre nos environnements de travail plus efficaces, s\u00fbrs et agr\u00e9ables. Une m\u00e9thode issue du Lean Management Le 5S fait partie des outils fondamentaux du Lean [&hellip;]","og_url":"https:\/\/www.enscmu.uha.fr\/index.php\/le-5s-pour-ameliorer-notre-quotidien-au-travail\/","og_site_name":"ENSCMu | \u00c9cole Nationale Sup\u00e9rieure de Chimie de Mulhouse","article_modified_time":"2025-11-13T07:19:54+00:00","twitter_card":"summary_large_image","twitter_misc":{"Dur\u00e9e de lecture estim\u00e9e":"2 minutes"},"schema":{"@context":"https:\/\/schema.org","@graph":[{"@type":"WebPage","@id":"https:\/\/www.enscmu.uha.fr\/index.php\/le-5s-pour-ameliorer-notre-quotidien-au-travail\/","url":"https:\/\/www.enscmu.uha.fr\/index.php\/le-5s-pour-ameliorer-notre-quotidien-au-travail\/","name":"Le 5S pour am\u00e9liorer notre quotidien au travail - ENSCMu","isPartOf":{"@id":"https:\/\/www.enscmu.uha.fr\/#website"},"datePublished":"2025-10-29T14:36:10+00:00","dateModified":"2025-11-13T07:19:54+00:00","breadcrumb":{"@id":"https:\/\/www.enscmu.uha.fr\/index.php\/le-5s-pour-ameliorer-notre-quotidien-au-travail\/#breadcrumb"},"inLanguage":"fr-FR","potentialAction":[{"@type":"ReadAction","target":["https:\/\/www.enscmu.uha.fr\/index.php\/le-5s-pour-ameliorer-notre-quotidien-au-travail\/"]}]},{"@type":"BreadcrumbList","@id":"https:\/\/www.enscmu.uha.fr\/index.php\/le-5s-pour-ameliorer-notre-quotidien-au-travail\/#breadcrumb","itemListElement":[{"@type":"ListItem","position":1,"name":"Accueil","item":"https:\/\/www.enscmu.uha.fr\/"},{"@type":"ListItem","position":2,"name":"Le 5S pour am\u00e9liorer notre quotidien au travail"}]},{"@type":"WebSite","@id":"https:\/\/www.enscmu.uha.fr\/#website","url":"https:\/\/www.enscmu.uha.fr\/","name":"ENSCMu | \u00c9cole Nationale Sup\u00e9rieure de Chimie de Mulhouse","description":"Campus Illberg | Universit\u00e9 de Haute-Alsace","potentialAction":[{"@type":"SearchAction","target":{"@type":"EntryPoint","urlTemplate":"https:\/\/www.enscmu.uha.fr\/?s={search_term_string}"},"query-input":{"@type":"PropertyValueSpecification","valueRequired":true,"valueName":"search_term_string"}}],"inLanguage":"fr-FR"}]}},"_links":{"self":[{"href":"https:\/\/www.enscmu.uha.fr\/index.php\/wp-json\/wp\/v2\/pages\/5671","targetHints":{"allow":["GET"]}}],"collection":[{"href":"https:\/\/www.enscmu.uha.fr\/index.php\/wp-json\/wp\/v2\/pages"}],"about":[{"href":"https:\/\/www.enscmu.uha.fr\/index.php\/wp-json\/wp\/v2\/types\/page"}],"author":[{"embeddable":true,"href":"https:\/\/www.enscmu.uha.fr\/index.php\/wp-json\/wp\/v2\/users\/10"}],"replies":[{"embeddable":true,"href":"https:\/\/www.enscmu.uha.fr\/index.php\/wp-json\/wp\/v2\/comments?post=5671"}],"version-history":[{"count":3,"href":"https:\/\/www.enscmu.uha.fr\/index.php\/wp-json\/wp\/v2\/pages\/5671\/revisions"}],"predecessor-version":[{"id":5728,"href":"https:\/\/www.enscmu.uha.fr\/index.php\/wp-json\/wp\/v2\/pages\/5671\/revisions\/5728"}],"wp:attachment":[{"href":"https:\/\/www.enscmu.uha.fr\/index.php\/wp-json\/wp\/v2\/media?parent=5671"}],"wp:term":[{"taxonomy":"category","embeddable":true,"href":"https:\/\/www.enscmu.uha.fr\/index.php\/wp-json\/wp\/v2\/categories?post=5671"},{"taxonomy":"post_tag","embeddable":true,"href":"https:\/\/www.enscmu.uha.fr\/index.php\/wp-json\/wp\/v2\/tags?post=5671"}],"curies":[{"name":"wp","href":"https:\/\/api.w.org\/{rel}","templated":true}]}}