{"id":77,"date":"2017-12-12T15:56:49","date_gmt":"2017-12-12T14:56:49","guid":{"rendered":"https:\/\/www.enscmu.uha.fr\/?page_id=77"},"modified":"2025-07-21T13:20:01","modified_gmt":"2025-07-21T11:20:01","slug":"infos-pratiques","status":"publish","type":"page","link":"https:\/\/www.enscmu.uha.fr\/index.php\/vie-etudiante\/infos-pratiques\/","title":{"rendered":"INFOS PRATIQUES"},"content":{"rendered":"<h1>Un campus vert, accessible et offrant tous les services<\/h1>\n<figure id=\"attachment_196\" aria-describedby=\"caption-attachment-196\" style=\"width: 300px\" class=\"wp-caption alignright\"><img loading=\"lazy\" decoding=\"async\" class=\"size-medium wp-image-196\" src=\"https:\/\/www.enscmu.uha.fr\/wp-content\/uploads\/2017\/12\/UHA.Campus.5-300x201.jpg\" alt=\"Campus Illberg - UHA\" width=\"300\" height=\"201\" srcset=\"https:\/\/www.enscmu.uha.fr\/wp-content\/uploads\/2017\/12\/UHA.Campus.5-300x201.jpg 300w, https:\/\/www.enscmu.uha.fr\/wp-content\/uploads\/2017\/12\/UHA.Campus.5-768x514.jpg 768w, https:\/\/www.enscmu.uha.fr\/wp-content\/uploads\/2017\/12\/UHA.Campus.5-1024x685.jpg 1024w\" sizes=\"auto, (max-width: 300px) 100vw, 300px\" \/><figcaption id=\"caption-attachment-196\" class=\"wp-caption-text\">Campus Illberg &#8211; UHA<\/figcaption><\/figure>\n<p>L\u2019ENSCMu se situe sur le campus Illberg de l\u2019Universit\u00e9 de Haute-Alsace, engag\u00e9e dans la pr\u00e9servation de la\u00a0<a href=\"https:\/\/www.uha.fr\/fr\/uha-1\/developpement-durable-responsabilite-societale.html\" target=\"_blank\" rel=\"noopener noreferrer\">biodiversit\u00e9 et de l&rsquo;environnement<\/a> et <a href=\"https:\/\/www.uha.fr\/fr\/uha-1\/developpement-durable-responsabilite-societale\/iso-50-001-gestion-de-l-energie.html\" target=\"_blank\" rel=\"noopener noreferrer\">labellis\u00e9e ISO 50001<\/a> (Syst\u00e8me de Management de l\u2019\u00c9nergie). Dans un cadre verdoyant de 25 hectares, les \u00e9l\u00e8ves b\u00e9n\u00e9ficient d\u2019infrastructures r\u00e9centes et fonctionnelles.<\/p>\n<p>Les \u00e9l\u00e8ves de l\u2019ENSCMu b\u00e9n\u00e9ficient \u00e9galement des services aux \u00e9tudiants propos\u00e9s sur le campus. Logements et restauration CROUS, m\u00e9decine pr\u00e9ventive, installations sportives, centre de comp\u00e9tences transfrontali\u00e8res, centre d\u2019apprentissage des langues se trouvent sur place.<\/p>\n<p>L\u2019\u00e9cole se situe \u00e0 10 minutes du centre ville et de la gare en tram, bus ou v\u00e9locit\u00e9. L\u2019EuroAirport de B\u00e2le-Mulhouse quant \u00e0 lui est \u00e0 moins de 30 minutes en voiture.<\/p>\n<h1>Logement<\/h1>\n<p>Le campus mulhousien offre des facilit\u00e9s de logement appr\u00e9ciables \u00e0 des co\u00fbts raisonnables. Le <a href=\"https:\/\/www.crous-strasbourg.fr\/service\/pole-accueil-etudiant-mulhouse\/\" target=\"_blank\" rel=\"noopener noreferrer\">CLOUS<\/a> (Centre Local des \u0152uvres Universitaires et Scolaires) met \u00e0 disposition de nombreux <a href=\"https:\/\/www.crous-strasbourg.fr\/logements\/trouvez-votre-residence\/\" target=\"_blank\" rel=\"noopener noreferrer\">h\u00e9bergements en cit\u00e9s et r\u00e9sidences universitaires<\/a> dont la description et les tarifs sont consultables en ligne.<\/p>\n<p>De nombreuses offres de location sont \u00e9galement disponibles dans le secteur priv\u00e9.<\/p>\n<p>Des aides peuvent \u00eatre donn\u00e9es pour les logements dans le secteur priv\u00e9 pour le loyer et le d\u00e9p\u00f4t de garantie. L&rsquo;assurance habitation, l&rsquo;eau et l&rsquo;\u00e9lectricit\u00e9 restent \u00e0 la charge des \u00e9tudiants.<\/p>\n<p>Liens utiles\u00a0:<\/p>\n<ul>\n<li><a href=\"https:\/\/www.lokaviz.fr\/\" target=\"_blank\" rel=\"noopener noreferrer\">Lokaviz (service du CLOUS, logement chez le particulier)<\/a>,<\/li>\n<li><a href=\"http:\/\/www.mulhouse-habitat.fr\/\" target=\"_blank\" rel=\"noopener noreferrer\">Mulhouse Habitat<\/a>,<\/li>\n<li><a href=\"http:\/\/www.mgellogement.fr\/residences-etudiantes\/index-MULHOUSE.php\" target=\"_blank\" rel=\"noopener noreferrer\">MGEL Logement<\/a>,<\/li>\n<li><a href=\"https:\/\/www.nexity.fr\/agence-immobiliere\/mulhouse\/nexity-mulhouse\/B129\" target=\"_blank\" rel=\"noopener noreferrer\">Lamy Mulhouse<\/a>,<\/li>\n<li><a href=\"http:\/\/www.aleos.asso.fr\/\" target=\"_blank\" rel=\"noopener noreferrer\">Aleos,<\/a><\/li>\n<li><a href=\"https:\/\/www.batigere.fr\/membres\/batigere-habitat\/\">Batigere habitat<\/a><\/li>\n<\/ul>\n<p><a href=\"https:\/\/www.aubergejeunesse-mulhouse.com\">L&rsquo;Auberge de jeunesse de Mulhouse<\/a>, situ\u00e9e \u00e0 proximit\u00e9 de l&rsquo;Universit\u00e9, offre la possibilit\u00e9 d\u2019h\u00e9bergement, en cas de besoin.<\/p>\n<p><strong>DossierFacile, un service de l&rsquo;\u00c9tat pour vous aider<br \/>\n<\/strong><a href=\"https:\/\/www.dossierfacile.fr\" target=\"_blank\" rel=\"noopener\">DossierFacile<\/a> vous aide \u00e0 constituer un dossier de location num\u00e9rique de qualit\u00e9 pour mettre toutes les chances de votre c\u00f4t\u00e9 de trouver un logement. Ce service gratuit ne concerne que les logements propos\u00e9s par des particuliers du priv\u00e9. Il ne n\u00e9cessite pas de\u00a0cr\u00e9ation de compte, il suffit de passer par France Connect.<\/p>\n<div>\n<p><b>Garantie Visale<br \/>\n<\/b>Pour l&rsquo;ann\u00e9e scolaire 2021\/2022, l&rsquo;aide au cautionnement des logements continue via le dispositif Visale offert \u00e0 tous les \u00e9tudiants. Pour en savoir plus, dirigez-vous sur le site officiel <span id=\"OBJ_PREFIX_DWT1066_com_zimbra_url\" class=\"Object\" role=\"link\"><span id=\"OBJ_PREFIX_DWT1070_com_zimbra_url\" class=\"Object\" role=\"link\"><a href=\"http:\/\/www.visale.fr\" target=\"_blank\" rel=\"noopener noreferrer\">www.visale.fr<\/a><\/span><\/span> pour connaitre toutes les informations \u00e0 jour. Notez bien, qu&rsquo;aucune <span id=\"OBJ_PREFIX_DWT1067_com_zimbra_url\" class=\"Object\" role=\"link\"><span id=\"OBJ_PREFIX_DWT1071_com_zimbra_url\" class=\"Object\" role=\"link\"><a href=\"https:\/\/bailpdf.com\/contrat-de-bail\" target=\"_blank\" rel=\"noopener noreferrer\">d\u00e9marche de signature de contrat bail<\/a><\/span><\/span> d&rsquo;h\u00e9bergement doit \u00eatre\u00a0en marche pour les jeunes avant d&rsquo;avoir re\u00e7u l&rsquo;accord Visale.<\/p>\n<\/div>\n<p><strong>SmartGarant<br \/>\n<\/strong><a href=\"https:\/\/www.smart-garant.com\">SmartGarant<\/a> est un service qui permet d\u2019obtenir un garant rapidement afin de pouvoir trouver un appartement, ce qui n\u2019est pas toujours facile quand on est \u00e9tudiant. <a href=\"https:\/\/www.enscmu.uha.fr\/wp-content\/uploads\/2023\/04\/Plaquette-locataire-SmartGarant.pdf\">Consultez la plaquette<\/a><\/p>\n<div>\n<div><b>Les autres aides \u00e9tudiantes du Crous<\/b><\/div>\n<div>Pour faciliter l&rsquo;acc\u00e8s aux aides du Crous vous pouvez vous rendre sur la plateforme du Crous pour faire toutes vos demandes d&rsquo;aides du Crous. Vous y retrouverez le catalogue des aides disponibles, <span id=\"OBJ_PREFIX_DWT10781_com_zimbra_url\" class=\"Object\" role=\"link\"><span id=\"OBJ_PREFIX_DWT10787_com_zimbra_url\" class=\"Object\" role=\"link\"><a href=\"https:\/\/www.etudiant.gouv.fr\/fr\/aides-specifiques-1306\" target=\"_blank\" rel=\"noopener\">\u00e0 savoir que les aides exceptionnelles du Crous<\/a><\/span><\/span> sont accessibles \u00e0 tous en fonction de votre profil et peuvent vous accompagner soit pour votre logement, transport,nourriture ou le passage de votre permis de conduire en vous aidant au passage de <span id=\"OBJ_PREFIX_DWT10782_com_zimbra_url\" class=\"Object\" role=\"link\"><span id=\"OBJ_PREFIX_DWT10788_com_zimbra_url\" class=\"Object\" role=\"link\"><a href=\"https:\/\/www.ornikar.com\/code\/gratuit\" target=\"_blank\" rel=\"noopener\">votre code<\/a><\/span><\/span> de la route gratuit. Pour information,il ne vous sera jamais demand\u00e9 de communiquer vos informations de carte bleu lors d&rsquo;une demande d&rsquo;aide. Si vous avez un souci ou un blocage de votre CB suite \u00e0 un r\u00e9glement sur <span id=\"OBJ_PREFIX_DWT10783_com_zimbra_url\" class=\"Object\" role=\"link\"><span id=\"OBJ_PREFIX_DWT10789_com_zimbra_url\" class=\"Object\" role=\"link\"><a href=\"https:\/\/www.smileandpay.com\/\" target=\"_blank\" rel=\"noopener\">un terminal<\/a><\/span><\/span> de paiement consultez <span id=\"OBJ_PREFIX_DWT10784_com_zimbra_url\" class=\"Object\" role=\"link\"><span id=\"OBJ_PREFIX_DWT10790_com_zimbra_url\" class=\"Object\" role=\"link\"><a href=\"https:\/\/www.service-public.fr\/particuliers\/vosdroits\/R46526\" target=\"_blank\" rel=\"noopener\">le site Perceval pour suivre la d\u00e9marche.<\/a><\/span><\/span><\/div>\n<div><\/div>\n<\/div>\n<h1>Restauration universitaire<\/h1>\n<p>Le CLOUS a \u00e9galement en charge les restaurants universitaires et en particulier le <a href=\"http:\/\/www.crous-strasbourg.fr\/restaurant\/resto-u-de-lillberg\/\" target=\"_blank\" rel=\"noopener noreferrer\">Resto\u2019U de l\u2019Illberg<\/a> \u00e0 2 minutes \u00e0 pieds de l\u2019ENSCMu, qui propose un self, une cafeteria et un service de vente \u00e0 emporter.<\/p>\n<p>Le <a href=\"http:\/\/www.passcampus.fr\/etudiant\/\" target=\"_blank\" rel=\"noopener noreferrer\">pass campus<\/a> d\u00e9livr\u00e9 par l&rsquo;universit\u00e9 permet de r\u00e9gler les repas dans les structures de restaurations universitaires d\u2019Alsace.<\/p>\n<h1>Transports<\/h1>\n<h2>\u00c0 v\u00e9lo<\/h2>\n<p>Le campus Illberg, o\u00f9 se situe l\u2019ENSCMu, est entour\u00e9 de pistes cyclables et reli\u00e9 au r\u00e9seau <a href=\"http:\/\/www.velocite.mulhouse.fr\/\" target=\"_blank\" rel=\"noopener noreferrer\">V\u00e9locit\u00e9 Mulhouse<\/a>, service de location de v\u00e9los en libre service qui comporte 40 stations r\u00e9parties dans l\u2019agglom\u00e9ration mulhousienne.<\/p>\n<h2>En bus et tram<\/h2>\n<p>Le tram longe le campus Illberg. Il relie l\u2019\u00e9cole au centre ville et \u00e0 la gare \u00e0 partir de l\u2019arr\u00eat Universit\u00e9. Tous les horaires, itin\u00e9raires, tarifs et informations trams et bus sont accessibles sur le site de <a href=\"http:\/\/www.solea.info.fr\" target=\"_blank\" rel=\"noopener noreferrer\">SOLEA<\/a>.<\/p>\n<p><a href=\"https:\/\/www.enscmu.uha.fr\/index.php\/contacts-acces\/\">Acc\u00e9der \u00e0 l\u2019ENSCMu<\/a><\/p>\n<h1>Activit\u00e9s sportives et culturelles<\/h1>\n<h2>Activit\u00e9s sportives<\/h2>\n<p>Les \u00e9tudiants de l\u2019ENSCMu ont acc\u00e8s \u00e0 de nombreuses installations sportives sur le campus et \u00e0 proximit\u00e9 (gymnase universitaire, piscine olympique, patinoire, terrains de foot, rugby, tennis, palais des sports\u2026). L\u2019ENSCMu fait partie de l\u2019Universit\u00e9 de Haute-Alsace, ce qui permet \u00e0 ses \u00e9tudiants de b\u00e9n\u00e9ficier du service des sports universitaire, le <a href=\"http:\/\/www.suaps.uha.fr\/\" target=\"_blank\" rel=\"noopener noreferrer\">SUAPS (Service Universitaire des Activit\u00e9s Physiques et Sportives)<\/a>. Les \u00e9tudiants de l\u2019ENSCMu ont \u00e9galement leurs propres \u00e9quipes (football, rugby\u2026) engag\u00e9es dans les championnats corporatifs par l\u2019interm\u00e9diaire du <a href=\"https:\/\/www.enscmu.uha.fr\/index.php\/vie-etudiante\/associations-clubs\/\">Bureau des Sports<\/a> et sont impliqu\u00e9s dans de nombreuses activit\u00e9s sur le campus.<\/p>\n<h2>Actions culturelles<\/h2>\n<p>Mulhouse offre un large panel d\u2019activit\u00e9s culturelles, \u00e0 d\u00e9couvrir sur le site de l\u2019<a href=\"http:\/\/www.tourisme-mulhouse.com\" target=\"_blank\" rel=\"noopener noreferrer\">Office du tourisme<\/a>.<\/p>\n<p>Les \u00e9tudiants ont acc\u00e8s \u00e0 de nombreux spectacles, cin\u00e9mas, mus\u00e9es \u00e0 tarif pr\u00e9f\u00e9rentiel gr\u00e2ce au <a href=\"https:\/\/www.passcampus.fr\/etudiant\/\">pass campus<\/a> d\u00e9livr\u00e9e par l\u2019Universit\u00e9. Le <a href=\"http:\/\/www.culture.uha.fr\/\" target=\"_blank\" rel=\"noopener noreferrer\">Service Universitaire de l&rsquo;Action Culturelle (SUAC)<\/a> propose \u00e9galement un certain nombre d&rsquo;activit\u00e9s durant l&rsquo;ann\u00e9e.<\/p>\n<p>La <a href=\"https:\/\/www.tourisme-alsace.com\/\" target=\"_blank\" rel=\"noopener noreferrer\">R\u00e9gion Alsace<\/a> est \u00e9galement d\u2019une grande richesse.<\/p>\n<div id=\"s3gt_translate_tooltip_mini\" class=\"s3gt_translate_tooltip_mini_box\" style=\"background: initial !important; border: initial !important; border-radius: initial !important; border-spacing: initial !important; border-collapse: initial !important; direction: ltr !important; flex-direction: initial !important; font-weight: initial !important; height: initial !important; letter-spacing: initial !important; min-width: initial !important; max-width: initial !important; min-height: initial !important; max-height: initial !important; margin: auto !important; outline: initial !important; padding: initial !important; position: absolute; table-layout: initial !important; text-align: initial !important; text-shadow: initial !important; width: initial !important; word-break: initial !important; word-spacing: initial !important; overflow-wrap: initial !important; box-sizing: initial !important; display: initial !important; color: inherit !important; font-size: 13px !important; font-family: X-LocaleSpecific, sans-serif, Tahoma, Helvetica !important; line-height: 13px !important; vertical-align: top !important; white-space: inherit !important; left: 14px; top: 443px; opacity: 0.8;\">\n<div id=\"s3gt_translate_tooltip_mini_logo\" class=\"s3gt_translate_tooltip_mini\" title=\"Traduire le texte s\u00e9lectionn\u00e9\"><\/div>\n<div id=\"s3gt_translate_tooltip_mini_sound\" class=\"s3gt_translate_tooltip_mini\" title=\"Lecture\"><\/div>\n<div id=\"s3gt_translate_tooltip_mini_copy\" class=\"s3gt_translate_tooltip_mini\" title=\"Copier le texte dans le presse-papiers\"><\/div>\n<style type=\"text\/css\" media=\"print\">#s3gt_translate_tooltip_mini { display: none !important; }<\/style>\n<\/div>\n","protected":false},"excerpt":{"rendered":"<p>Un campus vert, accessible et offrant tous les services L\u2019ENSCMu se situe sur le campus Illberg de l\u2019Universit\u00e9 de Haute-Alsace, engag\u00e9e dans la pr\u00e9servation de la\u00a0biodiversit\u00e9 et de l&rsquo;environnement et labellis\u00e9e ISO 50001 (Syst\u00e8me de Management de l\u2019\u00c9nergie). Dans un cadre verdoyant de 25 hectares, les \u00e9l\u00e8ves b\u00e9n\u00e9ficient d\u2019infrastructures r\u00e9centes et fonctionnelles. Les \u00e9l\u00e8ves de [&hellip;]<\/p>\n","protected":false},"author":1,"featured_media":196,"parent":73,"menu_order":0,"comment_status":"closed","ping_status":"closed","template":"","meta":{"footnotes":""},"categories":[5],"tags":[],"class_list":["post-77","page","type-page","status-publish","has-post-thumbnail","hentry","category-futurs-etudiants"],"yoast_head":"<!-- This site is optimized with the Yoast SEO plugin v27.4 - https:\/\/yoast.com\/product\/yoast-seo-wordpress\/ -->\n<title>INFOS PRATIQUES - ENSCMu<\/title>\n<meta name=\"robots\" content=\"index, follow, max-snippet:-1, max-image-preview:large, max-video-preview:-1\" \/>\n<link rel=\"canonical\" href=\"https:\/\/www.enscmu.uha.fr\/index.php\/vie-etudiante\/infos-pratiques\/\" \/>\n<meta property=\"og:locale\" content=\"fr_FR\" \/>\n<meta property=\"og:type\" content=\"article\" \/>\n<meta property=\"og:title\" content=\"INFOS PRATIQUES - ENSCMu\" \/>\n<meta property=\"og:description\" content=\"Un campus vert, accessible et offrant tous les services L\u2019ENSCMu se situe sur le campus Illberg de l\u2019Universit\u00e9 de Haute-Alsace, engag\u00e9e dans la pr\u00e9servation de la\u00a0biodiversit\u00e9 et de l&rsquo;environnement et labellis\u00e9e ISO 50001 (Syst\u00e8me de Management de l\u2019\u00c9nergie). Dans un cadre verdoyant de 25 hectares, les \u00e9l\u00e8ves b\u00e9n\u00e9ficient d\u2019infrastructures r\u00e9centes et fonctionnelles. Les \u00e9l\u00e8ves de [&hellip;]\" \/>\n<meta property=\"og:url\" content=\"https:\/\/www.enscmu.uha.fr\/index.php\/vie-etudiante\/infos-pratiques\/\" \/>\n<meta property=\"og:site_name\" content=\"ENSCMu | \u00c9cole Nationale Sup\u00e9rieure de Chimie de Mulhouse\" \/>\n<meta property=\"article:modified_time\" content=\"2025-07-21T11:20:01+00:00\" \/>\n<meta property=\"og:image\" content=\"https:\/\/www.enscmu.uha.fr\/wp-content\/uploads\/2017\/12\/UHA.Campus.5-1024x685.jpg\" \/>\n\t<meta property=\"og:image:width\" content=\"1024\" \/>\n\t<meta property=\"og:image:height\" content=\"685\" \/>\n\t<meta property=\"og:image:type\" content=\"image\/jpeg\" \/>\n<meta name=\"twitter:card\" content=\"summary_large_image\" \/>\n<meta name=\"twitter:label1\" content=\"Dur\u00e9e de lecture estim\u00e9e\" \/>\n\t<meta name=\"twitter:data1\" content=\"5 minutes\" \/>\n<script type=\"application\/ld+json\" class=\"yoast-schema-graph\">{\"@context\":\"https:\\\/\\\/schema.org\",\"@graph\":[{\"@type\":\"WebPage\",\"@id\":\"https:\\\/\\\/www.enscmu.uha.fr\\\/index.php\\\/vie-etudiante\\\/infos-pratiques\\\/\",\"url\":\"https:\\\/\\\/www.enscmu.uha.fr\\\/index.php\\\/vie-etudiante\\\/infos-pratiques\\\/\",\"name\":\"INFOS PRATIQUES - ENSCMu\",\"isPartOf\":{\"@id\":\"https:\\\/\\\/www.enscmu.uha.fr\\\/#website\"},\"primaryImageOfPage\":{\"@id\":\"https:\\\/\\\/www.enscmu.uha.fr\\\/index.php\\\/vie-etudiante\\\/infos-pratiques\\\/#primaryimage\"},\"image\":{\"@id\":\"https:\\\/\\\/www.enscmu.uha.fr\\\/index.php\\\/vie-etudiante\\\/infos-pratiques\\\/#primaryimage\"},\"thumbnailUrl\":\"https:\\\/\\\/www.enscmu.uha.fr\\\/wp-content\\\/uploads\\\/2017\\\/12\\\/UHA.Campus.5.jpg\",\"datePublished\":\"2017-12-12T14:56:49+00:00\",\"dateModified\":\"2025-07-21T11:20:01+00:00\",\"breadcrumb\":{\"@id\":\"https:\\\/\\\/www.enscmu.uha.fr\\\/index.php\\\/vie-etudiante\\\/infos-pratiques\\\/#breadcrumb\"},\"inLanguage\":\"fr-FR\",\"potentialAction\":[{\"@type\":\"ReadAction\",\"target\":[\"https:\\\/\\\/www.enscmu.uha.fr\\\/index.php\\\/vie-etudiante\\\/infos-pratiques\\\/\"]}]},{\"@type\":\"ImageObject\",\"inLanguage\":\"fr-FR\",\"@id\":\"https:\\\/\\\/www.enscmu.uha.fr\\\/index.php\\\/vie-etudiante\\\/infos-pratiques\\\/#primaryimage\",\"url\":\"https:\\\/\\\/www.enscmu.uha.fr\\\/wp-content\\\/uploads\\\/2017\\\/12\\\/UHA.Campus.5.jpg\",\"contentUrl\":\"https:\\\/\\\/www.enscmu.uha.fr\\\/wp-content\\\/uploads\\\/2017\\\/12\\\/UHA.Campus.5.jpg\",\"width\":2464,\"height\":1648,\"caption\":\"Campus Illberg - UHA\"},{\"@type\":\"BreadcrumbList\",\"@id\":\"https:\\\/\\\/www.enscmu.uha.fr\\\/index.php\\\/vie-etudiante\\\/infos-pratiques\\\/#breadcrumb\",\"itemListElement\":[{\"@type\":\"ListItem\",\"position\":1,\"name\":\"Accueil\",\"item\":\"https:\\\/\\\/www.enscmu.uha.fr\\\/\"},{\"@type\":\"ListItem\",\"position\":2,\"name\":\"VIE \u00c9TUDIANTE\",\"item\":\"https:\\\/\\\/www.enscmu.uha.fr\\\/index.php\\\/vie-etudiante\\\/\"},{\"@type\":\"ListItem\",\"position\":3,\"name\":\"INFOS PRATIQUES\"}]},{\"@type\":\"WebSite\",\"@id\":\"https:\\\/\\\/www.enscmu.uha.fr\\\/#website\",\"url\":\"https:\\\/\\\/www.enscmu.uha.fr\\\/\",\"name\":\"ENSCMu | \u00c9cole Nationale Sup\u00e9rieure de Chimie de Mulhouse\",\"description\":\"Campus Illberg | Universit\u00e9 de Haute-Alsace\",\"potentialAction\":[{\"@type\":\"SearchAction\",\"target\":{\"@type\":\"EntryPoint\",\"urlTemplate\":\"https:\\\/\\\/www.enscmu.uha.fr\\\/?s={search_term_string}\"},\"query-input\":{\"@type\":\"PropertyValueSpecification\",\"valueRequired\":true,\"valueName\":\"search_term_string\"}}],\"inLanguage\":\"fr-FR\"}]}<\/script>\n<!-- \/ Yoast SEO plugin. -->","yoast_head_json":{"title":"INFOS PRATIQUES - ENSCMu","robots":{"index":"index","follow":"follow","max-snippet":"max-snippet:-1","max-image-preview":"max-image-preview:large","max-video-preview":"max-video-preview:-1"},"canonical":"https:\/\/www.enscmu.uha.fr\/index.php\/vie-etudiante\/infos-pratiques\/","og_locale":"fr_FR","og_type":"article","og_title":"INFOS PRATIQUES - ENSCMu","og_description":"Un campus vert, accessible et offrant tous les services L\u2019ENSCMu se situe sur le campus Illberg de l\u2019Universit\u00e9 de Haute-Alsace, engag\u00e9e dans la pr\u00e9servation de la\u00a0biodiversit\u00e9 et de l&rsquo;environnement et labellis\u00e9e ISO 50001 (Syst\u00e8me de Management de l\u2019\u00c9nergie). Dans un cadre verdoyant de 25 hectares, les \u00e9l\u00e8ves b\u00e9n\u00e9ficient d\u2019infrastructures r\u00e9centes et fonctionnelles. Les \u00e9l\u00e8ves de [&hellip;]","og_url":"https:\/\/www.enscmu.uha.fr\/index.php\/vie-etudiante\/infos-pratiques\/","og_site_name":"ENSCMu | \u00c9cole Nationale Sup\u00e9rieure de Chimie de Mulhouse","article_modified_time":"2025-07-21T11:20:01+00:00","og_image":[{"width":1024,"height":685,"url":"https:\/\/www.enscmu.uha.fr\/wp-content\/uploads\/2017\/12\/UHA.Campus.5-1024x685.jpg","type":"image\/jpeg"}],"twitter_card":"summary_large_image","twitter_misc":{"Dur\u00e9e de lecture estim\u00e9e":"5 minutes"},"schema":{"@context":"https:\/\/schema.org","@graph":[{"@type":"WebPage","@id":"https:\/\/www.enscmu.uha.fr\/index.php\/vie-etudiante\/infos-pratiques\/","url":"https:\/\/www.enscmu.uha.fr\/index.php\/vie-etudiante\/infos-pratiques\/","name":"INFOS PRATIQUES - ENSCMu","isPartOf":{"@id":"https:\/\/www.enscmu.uha.fr\/#website"},"primaryImageOfPage":{"@id":"https:\/\/www.enscmu.uha.fr\/index.php\/vie-etudiante\/infos-pratiques\/#primaryimage"},"image":{"@id":"https:\/\/www.enscmu.uha.fr\/index.php\/vie-etudiante\/infos-pratiques\/#primaryimage"},"thumbnailUrl":"https:\/\/www.enscmu.uha.fr\/wp-content\/uploads\/2017\/12\/UHA.Campus.5.jpg","datePublished":"2017-12-12T14:56:49+00:00","dateModified":"2025-07-21T11:20:01+00:00","breadcrumb":{"@id":"https:\/\/www.enscmu.uha.fr\/index.php\/vie-etudiante\/infos-pratiques\/#breadcrumb"},"inLanguage":"fr-FR","potentialAction":[{"@type":"ReadAction","target":["https:\/\/www.enscmu.uha.fr\/index.php\/vie-etudiante\/infos-pratiques\/"]}]},{"@type":"ImageObject","inLanguage":"fr-FR","@id":"https:\/\/www.enscmu.uha.fr\/index.php\/vie-etudiante\/infos-pratiques\/#primaryimage","url":"https:\/\/www.enscmu.uha.fr\/wp-content\/uploads\/2017\/12\/UHA.Campus.5.jpg","contentUrl":"https:\/\/www.enscmu.uha.fr\/wp-content\/uploads\/2017\/12\/UHA.Campus.5.jpg","width":2464,"height":1648,"caption":"Campus Illberg - UHA"},{"@type":"BreadcrumbList","@id":"https:\/\/www.enscmu.uha.fr\/index.php\/vie-etudiante\/infos-pratiques\/#breadcrumb","itemListElement":[{"@type":"ListItem","position":1,"name":"Accueil","item":"https:\/\/www.enscmu.uha.fr\/"},{"@type":"ListItem","position":2,"name":"VIE \u00c9TUDIANTE","item":"https:\/\/www.enscmu.uha.fr\/index.php\/vie-etudiante\/"},{"@type":"ListItem","position":3,"name":"INFOS PRATIQUES"}]},{"@type":"WebSite","@id":"https:\/\/www.enscmu.uha.fr\/#website","url":"https:\/\/www.enscmu.uha.fr\/","name":"ENSCMu | \u00c9cole Nationale Sup\u00e9rieure de Chimie de Mulhouse","description":"Campus Illberg | Universit\u00e9 de Haute-Alsace","potentialAction":[{"@type":"SearchAction","target":{"@type":"EntryPoint","urlTemplate":"https:\/\/www.enscmu.uha.fr\/?s={search_term_string}"},"query-input":{"@type":"PropertyValueSpecification","valueRequired":true,"valueName":"search_term_string"}}],"inLanguage":"fr-FR"}]}},"_links":{"self":[{"href":"https:\/\/www.enscmu.uha.fr\/index.php\/wp-json\/wp\/v2\/pages\/77","targetHints":{"allow":["GET"]}}],"collection":[{"href":"https:\/\/www.enscmu.uha.fr\/index.php\/wp-json\/wp\/v2\/pages"}],"about":[{"href":"https:\/\/www.enscmu.uha.fr\/index.php\/wp-json\/wp\/v2\/types\/page"}],"author":[{"embeddable":true,"href":"https:\/\/www.enscmu.uha.fr\/index.php\/wp-json\/wp\/v2\/users\/1"}],"replies":[{"embeddable":true,"href":"https:\/\/www.enscmu.uha.fr\/index.php\/wp-json\/wp\/v2\/comments?post=77"}],"version-history":[{"count":30,"href":"https:\/\/www.enscmu.uha.fr\/index.php\/wp-json\/wp\/v2\/pages\/77\/revisions"}],"predecessor-version":[{"id":5477,"href":"https:\/\/www.enscmu.uha.fr\/index.php\/wp-json\/wp\/v2\/pages\/77\/revisions\/5477"}],"up":[{"embeddable":true,"href":"https:\/\/www.enscmu.uha.fr\/index.php\/wp-json\/wp\/v2\/pages\/73"}],"wp:featuredmedia":[{"embeddable":true,"href":"https:\/\/www.enscmu.uha.fr\/index.php\/wp-json\/wp\/v2\/media\/196"}],"wp:attachment":[{"href":"https:\/\/www.enscmu.uha.fr\/index.php\/wp-json\/wp\/v2\/media?parent=77"}],"wp:term":[{"taxonomy":"category","embeddable":true,"href":"https:\/\/www.enscmu.uha.fr\/index.php\/wp-json\/wp\/v2\/categories?post=77"},{"taxonomy":"post_tag","embeddable":true,"href":"https:\/\/www.enscmu.uha.fr\/index.php\/wp-json\/wp\/v2\/tags?post=77"}],"curies":[{"name":"wp","href":"https:\/\/api.w.org\/{rel}","templated":true}]}}